{"id":47525,"date":"2026-01-27T21:40:56","date_gmt":"2026-01-27T21:40:56","guid":{"rendered":"https:\/\/www.deporteseli.com\/?product=ultra-court-padel-sanyo"},"modified":"2026-02-27T05:19:05","modified_gmt":"2026-02-27T05:19:05","slug":"ultra-court-padel-sanyo","status":"publish","type":"product","link":"https:\/\/www.deporteseli.com\/?product=ultra-court-padel-sanyo","title":{"rendered":"ULTRA COURT PADEL SANYO"},"content":{"rendered":"<p>Descubre las Ultra Court Padel, dise\u00f1adas para maximizar tu rendimiento en la cancha. Estas zapatillas combinan tecnolog\u00eda de tenis con caracter\u00edsticas espec\u00edficas para p\u00e1del, ofreciendo una pisada cercana y amortiguada para mayor conectividad. Su parte superior transpirable y el soporte en el tal\u00f3n brindan estabilidad en movimientos laterales, mientras que el DuraWrap protege y asegura el antepi\u00e9. La suela espec\u00edfica para p\u00e1del garantiza tracci\u00f3n superior, aportando agilidad y confianza. Experimenta comodidad ligera y lleva tu juego al siguiente nivel con las Ultra Court Padel.                                                                                                                                                                                                                                                                                                                                                                                                                                                                                                                                                                                                                                                                                                                                                                                                                                                                                                                                                                                                                                        <\/p>\n","protected":false},"excerpt":{"rendered":"<p>ULTRA COURT PADEL SANYO<\/p>\n","protected":false},"featured_media":59883,"template":"","meta":[],"product_brand":[],"product_cat":[371],"product_tag":[26],"class_list":{"0":"post-47525","1":"product","2":"type-product","3":"status-publish","4":"has-post-thumbnail","6":"product_cat-padel_y_tenis_calzado","7":"product_tag-k-swiss","8":"pa_color-unico","9":"pa_talla-151","10":"pa_talla-42-5","11":"pa_talla-155","12":"pa_talla-157","13":"pa_talla-44-5","14":"pa_talla-159","15":"thunk-woo-product-list","16":"opn-qv-enable","17":"open-woo-hover-","18":"open-single-product-tab-horizontal","19":"open-shadow-","20":"open-shadow-hover-","22":"first","23":"instock","24":"sale","25":"shipping-taxable","26":"purchasable","27":"product-type-variable"},"jetpack_sharing_enabled":true,"_links":{"self":[{"href":"https:\/\/www.deporteseli.com\/index.php?rest_route=\/wp\/v2\/product\/47525","targetHints":{"allow":["GET"]}}],"collection":[{"href":"https:\/\/www.deporteseli.com\/index.php?rest_route=\/wp\/v2\/product"}],"about":[{"href":"https:\/\/www.deporteseli.com\/index.php?rest_route=\/wp\/v2\/types\/product"}],"wp:featuredmedia":[{"embeddable":true,"href":"https:\/\/www.deporteseli.com\/index.php?rest_route=\/wp\/v2\/media\/59883"}],"wp:attachment":[{"href":"https:\/\/www.deporteseli.com\/index.php?rest_route=%2Fwp%2Fv2%2Fmedia&parent=47525"}],"wp:term":[{"taxonomy":"product_brand","embeddable":true,"href":"https:\/\/www.deporteseli.com\/index.php?rest_route=%2Fwp%2Fv2%2Fproduct_brand&post=47525"},{"taxonomy":"product_cat","embeddable":true,"href":"https:\/\/www.deporteseli.com\/index.php?rest_route=%2Fwp%2Fv2%2Fproduct_cat&post=47525"},{"taxonomy":"product_tag","embeddable":true,"href":"https:\/\/www.deporteseli.com\/index.php?rest_route=%2Fwp%2Fv2%2Fproduct_tag&post=47525"}],"curies":[{"name":"wp","href":"https:\/\/api.w.org\/{rel}","templated":true}]}}