{"id":47364,"date":"2026-01-27T21:37:23","date_gmt":"2026-01-27T21:37:23","guid":{"rendered":"https:\/\/www.deporteseli.com\/?product=short-j-smith-agite-2"},"modified":"2026-03-29T04:18:15","modified_gmt":"2026-03-29T04:18:15","slug":"short-j-smith-agite-2","status":"publish","type":"product","link":"https:\/\/www.deporteseli.com\/?product=short-j-smith-agite-2","title":{"rendered":"SHORT J.SMITH AGITE"},"content":{"rendered":"<p>Pantal\u00f3n corto de running ofrece m\u00e1xima libertad y rendimiento.  Dise\u00f1ado en tejido tafeta biel\u00e1stico con acabado Binamic, este pantal\u00f3n corto ofrece una elasticidad en dos direcciones que te brinda una libertad total de movimiento durante tus entrenamientos. Cuenta con cinturilla ajustable con cord\u00f3n para un calce personalizado y pr\u00e1ctico, adem\u00e1s de bolsillos laterales y un bolsillo trasero con cremallera para llevar tus objetos seguros. Los detalles gr\u00e1ficos reflectantes aumentan tu visibilidad en condiciones de poca luz, y el suspensor interior de mesh garantiza comodidad y soporte extra. Combina tecnolog\u00eda y estilo para acompa\u00f1arte en cada paso.    Composici\u00f3n: 92% poli\u00e9ster y 8% elast\u00e1n, two way spandex taffeta.                                                                                                                                                                                                                                                                                                                                                                                                                                                                                                                                                                                                                                                                                                                                                                                                                                                                                                                                                                                                                                        <\/p>\n","protected":false},"excerpt":{"rendered":"<p>SHORT J.SMITH AGITE<\/p>\n","protected":false},"featured_media":59740,"template":"","meta":[],"product_brand":[],"product_cat":[251],"product_tag":[43],"class_list":{"0":"post-47364","1":"product","2":"type-product","3":"status-publish","4":"has-post-thumbnail","6":"product_cat-hombre_textil_shorts","7":"product_tag-jhon_smith","8":"pa_color-unico","9":"pa_talla-l","10":"pa_talla-m","11":"pa_talla-s","12":"pa_talla-xl","13":"thunk-woo-product-list","14":"opn-qv-enable","15":"open-woo-hover-","16":"open-single-product-tab-horizontal","17":"open-shadow-","18":"open-shadow-hover-","20":"first","21":"instock","22":"shipping-taxable","23":"purchasable","24":"product-type-variable"},"jetpack_sharing_enabled":true,"_links":{"self":[{"href":"https:\/\/www.deporteseli.com\/index.php?rest_route=\/wp\/v2\/product\/47364","targetHints":{"allow":["GET"]}}],"collection":[{"href":"https:\/\/www.deporteseli.com\/index.php?rest_route=\/wp\/v2\/product"}],"about":[{"href":"https:\/\/www.deporteseli.com\/index.php?rest_route=\/wp\/v2\/types\/product"}],"wp:featuredmedia":[{"embeddable":true,"href":"https:\/\/www.deporteseli.com\/index.php?rest_route=\/wp\/v2\/media\/59740"}],"wp:attachment":[{"href":"https:\/\/www.deporteseli.com\/index.php?rest_route=%2Fwp%2Fv2%2Fmedia&parent=47364"}],"wp:term":[{"taxonomy":"product_brand","embeddable":true,"href":"https:\/\/www.deporteseli.com\/index.php?rest_route=%2Fwp%2Fv2%2Fproduct_brand&post=47364"},{"taxonomy":"product_cat","embeddable":true,"href":"https:\/\/www.deporteseli.com\/index.php?rest_route=%2Fwp%2Fv2%2Fproduct_cat&post=47364"},{"taxonomy":"product_tag","embeddable":true,"href":"https:\/\/www.deporteseli.com\/index.php?rest_route=%2Fwp%2Fv2%2Fproduct_tag&post=47364"}],"curies":[{"name":"wp","href":"https:\/\/api.w.org\/{rel}","templated":true}]}}