{"id":47307,"date":"2026-01-27T21:35:54","date_gmt":"2026-01-27T21:35:54","guid":{"rendered":"https:\/\/www.deporteseli.com\/?product=tenis-adidas-jr6627"},"modified":"2026-01-27T21:35:55","modified_gmt":"2026-01-27T21:35:55","slug":"tenis-adidas-jr6627","status":"publish","type":"product","link":"https:\/\/www.deporteseli.com\/?product=tenis-adidas-jr6627","title":{"rendered":"TENIS ADIDAS JR6627"},"content":{"rendered":"<p>Una zapatilla informal para el d\u00eda a d\u00eda que refleja un aire de running de los 60.  Para un estilo desenfadado y relajado, c\u00e1lzate esta zapatilla para mujer inspirada en el running de adidas. Su parte superior de inspiraci\u00f3n retro con una ligera mediasuela de EVA proporciona una sensaci\u00f3n de comodidad durante todo el d\u00eda. Un clip de TPU en el tal\u00f3n a\u00f1ade un toque retro y mantiene el pie en su sitio, mientras que los refuerzos en la puntera y el tal\u00f3n proporcionan protecci\u00f3n y sujeci\u00f3n adicionales.  Horma cl\u00e1sica  Cordones  Empeine textil y de piel  Forro textil  Suela de goma  Color del art\u00edculo: Cloud White \/ Chalk White \/ Grey One  N\u00famero de art\u00edculo: JR6627                                                                                                                                                                                                                                                                                                                                                                                                                                                                                                                                                                                                                                                                                                                                                                                                                                                                                                                                                                                                                                        <\/p>\n","protected":false},"excerpt":{"rendered":"<p>TENIS ADIDAS JR6627<\/p>\n","protected":false},"featured_media":59690,"template":"","meta":[],"product_brand":[],"product_cat":[287],"product_tag":[18],"class_list":{"0":"post-47307","1":"product","2":"type-product","3":"status-publish","4":"has-post-thumbnail","6":"product_cat-mujer_calzado_casual","7":"product_tag-adidas","8":"pa_color-unico","9":"pa_talla-37-5","10":"thunk-woo-product-list","11":"opn-qv-enable","12":"open-woo-hover-","13":"open-single-product-tab-horizontal","14":"open-shadow-","15":"open-shadow-hover-","17":"first","18":"instock","19":"sale","20":"shipping-taxable","21":"purchasable","22":"product-type-variable"},"jetpack_sharing_enabled":true,"_links":{"self":[{"href":"https:\/\/www.deporteseli.com\/index.php?rest_route=\/wp\/v2\/product\/47307","targetHints":{"allow":["GET"]}}],"collection":[{"href":"https:\/\/www.deporteseli.com\/index.php?rest_route=\/wp\/v2\/product"}],"about":[{"href":"https:\/\/www.deporteseli.com\/index.php?rest_route=\/wp\/v2\/types\/product"}],"wp:featuredmedia":[{"embeddable":true,"href":"https:\/\/www.deporteseli.com\/index.php?rest_route=\/wp\/v2\/media\/59690"}],"wp:attachment":[{"href":"https:\/\/www.deporteseli.com\/index.php?rest_route=%2Fwp%2Fv2%2Fmedia&parent=47307"}],"wp:term":[{"taxonomy":"product_brand","embeddable":true,"href":"https:\/\/www.deporteseli.com\/index.php?rest_route=%2Fwp%2Fv2%2Fproduct_brand&post=47307"},{"taxonomy":"product_cat","embeddable":true,"href":"https:\/\/www.deporteseli.com\/index.php?rest_route=%2Fwp%2Fv2%2Fproduct_cat&post=47307"},{"taxonomy":"product_tag","embeddable":true,"href":"https:\/\/www.deporteseli.com\/index.php?rest_route=%2Fwp%2Fv2%2Fproduct_tag&post=47307"}],"curies":[{"name":"wp","href":"https:\/\/api.w.org\/{rel}","templated":true}]}}