{"id":46941,"date":"2026-01-27T21:27:16","date_gmt":"2026-01-27T21:27:16","guid":{"rendered":"https:\/\/www.deporteseli.com\/?product=botas-joma-maxima-2503-sala"},"modified":"2026-02-25T05:18:58","modified_gmt":"2026-02-25T05:18:58","slug":"botas-joma-maxima-2503-sala","status":"publish","type":"product","link":"https:\/\/www.deporteseli.com\/?product=botas-joma-maxima-2503-sala","title":{"rendered":"BOTAS JOMA MAXIMA 2503 SALA"},"content":{"rendered":"<p>Descripci\u00f3n  Las zapatillas de f\u00fatbol sala Joma Maxima 2503 en color marino son la opci\u00f3n perfecta para hombres que buscan rendimiento en la cancha. Est\u00e1n dise\u00f1adas con un corte de piel sint\u00e9tica que incluye un sistema de ventilaci\u00f3n VTS, lo que proporciona comodidad y frescura durante el juego.  Su suela de caucho incorpora tecnolog\u00edas DURABILITY, FLEXO y ROTATION, las cuales mejoran la durabilidad y la flexibilidad del calzado. Adem\u00e1s, cuentan con un refuerzo en la puntera llamado PROTECTION, que brinda una mayor seguridad al jugador.  Estas zapatillas son ideales para jugar en terrenos lisos o de parqu\u00e9, cumpliendo con todas las exigencias del f\u00fatbol sala. Con un cierre de cordones que garantiza un ajuste perfecto, las Joma Maxima 2503 son ligeras y flexibles, lo que mejora la estabilidad en cada movimiento.  Su material duradero asegura una larga vida \u00fatil, haciendo de estas zapatillas una excelente inversi\u00f3n para cualquier jugador de f\u00fatbol sala. No dejes pasar la oportunidad de mejorar tu rendimiento con estas incre\u00edbles zapatillas.    Caracter\u00edsticas  Corte de piel sint\u00e9tica con sistema de ventilaci\u00f3n VTS  Suela de caucho con tecnolog\u00edas DURABILITY, FLEXO y ROTATION  Refuerzo en puntera PROTECTION  Terreno: liso o parqu\u00e9 (Indoor)  Cierre de cordones  Ligeras y flexibles  Mejora la estabilidad  Material duradero  Color del producto: Marino                                                                                                                                                                                                                                                                                                                                                                                                                                                                                                                                                                                                                                                                                                                                                                                                                                                                                                                                                                                                                                        <\/p>\n","protected":false},"excerpt":{"rendered":"<p>BOTAS JOMA MAXIMA 2503 SALA<\/p>\n","protected":false},"featured_media":59460,"template":"","meta":[],"product_brand":[],"product_cat":[323],"product_tag":[31],"class_list":{"0":"post-46941","1":"product","2":"type-product","3":"status-publish","4":"has-post-thumbnail","6":"product_cat-deportes_futbol_botas_sala","7":"product_tag-joma","8":"pa_color-unico","9":"pa_talla-153","10":"pa_talla-157","11":"pa_talla-159","12":"thunk-woo-product-list","13":"opn-qv-enable","14":"open-woo-hover-","15":"open-single-product-tab-horizontal","16":"open-shadow-","17":"open-shadow-hover-","19":"first","20":"instock","21":"sale","22":"shipping-taxable","23":"purchasable","24":"product-type-variable"},"jetpack_sharing_enabled":true,"_links":{"self":[{"href":"https:\/\/www.deporteseli.com\/index.php?rest_route=\/wp\/v2\/product\/46941","targetHints":{"allow":["GET"]}}],"collection":[{"href":"https:\/\/www.deporteseli.com\/index.php?rest_route=\/wp\/v2\/product"}],"about":[{"href":"https:\/\/www.deporteseli.com\/index.php?rest_route=\/wp\/v2\/types\/product"}],"wp:featuredmedia":[{"embeddable":true,"href":"https:\/\/www.deporteseli.com\/index.php?rest_route=\/wp\/v2\/media\/59460"}],"wp:attachment":[{"href":"https:\/\/www.deporteseli.com\/index.php?rest_route=%2Fwp%2Fv2%2Fmedia&parent=46941"}],"wp:term":[{"taxonomy":"product_brand","embeddable":true,"href":"https:\/\/www.deporteseli.com\/index.php?rest_route=%2Fwp%2Fv2%2Fproduct_brand&post=46941"},{"taxonomy":"product_cat","embeddable":true,"href":"https:\/\/www.deporteseli.com\/index.php?rest_route=%2Fwp%2Fv2%2Fproduct_cat&post=46941"},{"taxonomy":"product_tag","embeddable":true,"href":"https:\/\/www.deporteseli.com\/index.php?rest_route=%2Fwp%2Fv2%2Fproduct_tag&post=46941"}],"curies":[{"name":"wp","href":"https:\/\/api.w.org\/{rel}","templated":true}]}}