{"id":46810,"date":"2026-01-27T21:24:25","date_gmt":"2026-01-27T21:24:25","guid":{"rendered":"https:\/\/www.deporteseli.com\/?product=mochila-babolat-753110"},"modified":"2026-04-21T04:17:53","modified_gmt":"2026-04-21T04:17:53","slug":"mochila-babolat-753110","status":"publish","type":"product","link":"https:\/\/www.deporteseli.com\/?product=mochila-babolat-753110","title":{"rendered":"MOCHILA BABOLAT 753110"},"content":{"rendered":"<p>Descripci\u00f3n  Como jugador de tenis exigente, necesitas una mochila con un dise\u00f1o llamativo y deportivo que se adapte perfectamente a los desaf\u00edos de tu deporte favorito. Adem\u00e1s, tu nueva mochila debe ser adecuada para el uso diario fuera de la pista, acompa\u00f1\u00e1ndote a donde quiera que vayas.    Dise\u00f1ada con una gran capacidad y tres compartimentos de almacenamiento para organizar tus pertenencias, la Mochila Pure Drive es la elecci\u00f3n perfecta tanto dentro como fuera de la pista. Te permite llevar hasta tres raquetas, as\u00ed como elementos esenciales para el d\u00eda a d\u00eda como un port\u00e1til, una botella de agua, pelotas, zapatos y accesorios.    Para asegurarnos de que dure muchos a\u00f1os, hemos desarrollado la Mochila Pure Strike con un resistente material exterior de poli\u00e9ster reciclado y tarpaulin de TPE ultra resistente. El interior de la bolsa est\u00e1 hecho con un forro sin color, un material 100% reciclado y libre de tintes.    Beneficios  Dise\u00f1ado para tenis  Dise\u00f1ado con tres compartimentos, esta bolsa cuenta con una gran capacidad (XXL) y numerosos bolsillos, lo que te permite almacenar y organizar adecuadamente todo tu equipo. El compartimento para raquetas sostiene y ofrece una protecci\u00f3n excepcional para hasta tres raquetas.  Versatilidad  Esta bolsa deportiva y elegante est\u00e1 dise\u00f1ada para todas tus actividades diarias y transporta de forma segura tu equipamiento de tenis, as\u00ed como tu port\u00e1til, gracias a un compartimento separado.                                                                                                                                                                                                                                                                                                                                                                                                                                                                                                                                                                                                                                                                                                                                                                                                                                                                                                                                                                                                                                        <\/p>\n","protected":false},"excerpt":{"rendered":"<p>MOCHILA BABOLAT 753110<\/p>\n","protected":false},"featured_media":59364,"template":"","meta":[],"product_brand":[],"product_cat":[348],"product_tag":[84],"class_list":{"0":"post-46810","1":"product","2":"type-product","3":"status-publish","4":"has-post-thumbnail","6":"product_cat-deportes_tenis","7":"product_tag-babolat","8":"pa_color-unico","9":"pa_talla-unica","10":"thunk-woo-product-list","11":"opn-qv-enable","12":"open-woo-hover-","13":"open-single-product-tab-horizontal","14":"open-shadow-","15":"open-shadow-hover-","17":"first","18":"instock","19":"shipping-taxable","20":"purchasable","21":"product-type-variable"},"jetpack_sharing_enabled":true,"_links":{"self":[{"href":"https:\/\/www.deporteseli.com\/index.php?rest_route=\/wp\/v2\/product\/46810","targetHints":{"allow":["GET"]}}],"collection":[{"href":"https:\/\/www.deporteseli.com\/index.php?rest_route=\/wp\/v2\/product"}],"about":[{"href":"https:\/\/www.deporteseli.com\/index.php?rest_route=\/wp\/v2\/types\/product"}],"wp:featuredmedia":[{"embeddable":true,"href":"https:\/\/www.deporteseli.com\/index.php?rest_route=\/wp\/v2\/media\/59364"}],"wp:attachment":[{"href":"https:\/\/www.deporteseli.com\/index.php?rest_route=%2Fwp%2Fv2%2Fmedia&parent=46810"}],"wp:term":[{"taxonomy":"product_brand","embeddable":true,"href":"https:\/\/www.deporteseli.com\/index.php?rest_route=%2Fwp%2Fv2%2Fproduct_brand&post=46810"},{"taxonomy":"product_cat","embeddable":true,"href":"https:\/\/www.deporteseli.com\/index.php?rest_route=%2Fwp%2Fv2%2Fproduct_cat&post=46810"},{"taxonomy":"product_tag","embeddable":true,"href":"https:\/\/www.deporteseli.com\/index.php?rest_route=%2Fwp%2Fv2%2Fproduct_tag&post=46810"}],"curies":[{"name":"wp","href":"https:\/\/api.w.org\/{rel}","templated":true}]}}