{"id":46808,"date":"2026-01-27T21:24:22","date_gmt":"2026-01-27T21:24:22","guid":{"rendered":"https:\/\/www.deporteseli.com\/?product=mochila-babolat-753101"},"modified":"2026-01-27T21:24:24","modified_gmt":"2026-01-27T21:24:24","slug":"mochila-babolat-753101","status":"publish","type":"product","link":"https:\/\/www.deporteseli.com\/?product=mochila-babolat-753101","title":{"rendered":"MOCHILA BABOLAT 753101"},"content":{"rendered":"<p>Descripci\u00f3n  Queremos ofrecerte lo mejor, por eso hemos desarrollado esta bolsa BACKPACK PURE AERO con un material exterior ultrarresistente, impermeable y duradero. En cuanto al interior de la bolsa, est\u00e1 equipada con nuestro nuevo  color-free lining , un material 100 % reciclado y sin tintes.    Tus raquetas, perfectamente protegidas en un compartimento isot\u00e9rmico, no sufrir\u00e1n ninguna variaci\u00f3n brusca de temperatura. Podr\u00e1s organizar tu equipaci\u00f3n en los otros dos compartimentos, donde puedes guardar un port\u00e1til, bebidas, tubos de pelotas, o incluso un par de zapatillas.    Esta mochila vers\u00e1til PURE AERO est\u00e1 dividida en tres compartimentos para guardar y proteger hasta tres raquetas en un lado y organizar toda tu equipaci\u00f3n en el otro. El compartimento para raquetas ha sido dise\u00f1ado para llenarlo f\u00e1cilmente y protegerlo gracias a su cierre magn\u00e9tico cuando no est\u00e1s en la pista.    La mochila PURE AERO, pr\u00e1ctica y con un dise\u00f1o disruptivo, te permite transportar f\u00e1cilmente todo el material que necesitas para brillar en las pistas. Atraer\u00e1s todas las miradas en cuanto entres en la pista con esta mochila PURE AERO con los colores de la nueva PURE AERO.    Beneficios  POLIVALENCIA  Esta mochila se convierte directamente en la soluci\u00f3n ideal para transportar tanto tus raquetas como el resto del material. Se adapta a tu modo de vida y te acompa\u00f1ar\u00e1 a cualquier sitio, ya sea a la oficina como a clase (gracias a su compartimento para ordenador port\u00e1til integrado) o a la pista de juego.  Protecci\u00f3n m\u00e1xima  Compartimento aislado para proteger hasta tres raquetas. Revestimiento exterior impermeable que mantiene tus cosas secas.                                                                                                                                                                                                                                                                                                                                                                                                                                                                                                                                                                                                                                                                                                                                                                                                                                                                                                                                                                                                                                        <\/p>\n","protected":false},"excerpt":{"rendered":"<p>MOCHILA BABOLAT 753101<\/p>\n","protected":false},"featured_media":59360,"template":"","meta":[],"product_brand":[],"product_cat":[348],"product_tag":[84],"class_list":{"0":"post-46808","1":"product","2":"type-product","3":"status-publish","4":"has-post-thumbnail","6":"product_cat-deportes_tenis","7":"product_tag-babolat","8":"pa_color-unico","9":"pa_talla-unica","10":"thunk-woo-product-list","11":"opn-qv-enable","12":"open-woo-hover-","13":"open-single-product-tab-horizontal","14":"open-shadow-","15":"open-shadow-hover-","17":"first","18":"instock","19":"shipping-taxable","20":"purchasable","21":"product-type-variable"},"jetpack_sharing_enabled":true,"_links":{"self":[{"href":"https:\/\/www.deporteseli.com\/index.php?rest_route=\/wp\/v2\/product\/46808","targetHints":{"allow":["GET"]}}],"collection":[{"href":"https:\/\/www.deporteseli.com\/index.php?rest_route=\/wp\/v2\/product"}],"about":[{"href":"https:\/\/www.deporteseli.com\/index.php?rest_route=\/wp\/v2\/types\/product"}],"wp:featuredmedia":[{"embeddable":true,"href":"https:\/\/www.deporteseli.com\/index.php?rest_route=\/wp\/v2\/media\/59360"}],"wp:attachment":[{"href":"https:\/\/www.deporteseli.com\/index.php?rest_route=%2Fwp%2Fv2%2Fmedia&parent=46808"}],"wp:term":[{"taxonomy":"product_brand","embeddable":true,"href":"https:\/\/www.deporteseli.com\/index.php?rest_route=%2Fwp%2Fv2%2Fproduct_brand&post=46808"},{"taxonomy":"product_cat","embeddable":true,"href":"https:\/\/www.deporteseli.com\/index.php?rest_route=%2Fwp%2Fv2%2Fproduct_cat&post=46808"},{"taxonomy":"product_tag","embeddable":true,"href":"https:\/\/www.deporteseli.com\/index.php?rest_route=%2Fwp%2Fv2%2Fproduct_tag&post=46808"}],"curies":[{"name":"wp","href":"https:\/\/api.w.org\/{rel}","templated":true}]}}