{"id":46778,"date":"2026-01-27T21:23:38","date_gmt":"2026-01-27T21:23:38","guid":{"rendered":"https:\/\/www.deporteseli.com\/?product=technical-viper"},"modified":"2026-04-04T09:40:10","modified_gmt":"2026-04-04T09:40:10","slug":"technical-viper","status":"publish","type":"product","link":"https:\/\/www.deporteseli.com\/?product=technical-viper","title":{"rendered":"TECHNICAL VIPER"},"content":{"rendered":"<p>Potencia reactiva en los golpes de ataque. Es lo que necesita el atacante t\u00e9cnico para dirigir el juego y marcar la diferencia utilizando su t\u00e9cnica y su fuerza.    La Technical Viper evoluciona y vuelve con la misma potencia extrema. Adem\u00e1s hemos incorporado un acabado extra rugoso que te permitir\u00e1 dar unos efectos incre\u00edbles a la bola. Ser\u00e1s un TECHNICAL STRIKER. Remata por 3 desde cualquier lugar.    Los jugadores profesionales del team babolat pueden jugar con un modelo personalizado o diferente del equipamento presente.    Haga clic aqu\u00ed para ver las instrucciones.    Beneficios  POTENCIA EXTREMA  Quer\u00edas potencia, te damos explosividad. Con la m\u00e1xima intensidad, gracias a la combinaci\u00f3n de su superficie de carbono y su tecnolog\u00eda X-EVA, vas a descubrir una potencia explosiva nunca antes experimentada. Marca la diferencia y supera a tus adversarios.    REACTIVIDAD  El TECHNICAL STRIKER tiene que ser decisivo en cada golpe de ataque. Para esto, la reactividad es imprescindible. Gracias a su patr\u00f3n de agujeros adaptado a su forma de diamante, permite colocar el punto dulce m\u00e1s alto para generar una mayor potencia. Esta pala har\u00e1 que tus golpes sean ultra decisivos.    CONFORT  El p\u00e1del es ante todo un juego al que deber\u00edas poder jugar sin ning\u00fan tipo de aprensi\u00f3n. Sabemos que la rigidez de las palas puede provocar incomodidad para el brazo de algunos jugadores. Por ello, nuestro equipo de I D ha trabajado para reducir riesgos de lesiones. La nueva tecnolog\u00eda VIBRABSORB SYSTEM\u00b2, Powered by SMAC, permite una absorci\u00f3n \u00f3ptima de las vibraciones gracias a una combinaci\u00f3n de elast\u00f3meros, integrados en las fibras de carbono, a nivel del coraz\u00f3n y del mango de la pala                                                                                                                                                                                                                                                                                                                                                                                                                                                                                                                                                                                                                                                                                                                                                                                                                                                                                                                                                                                                                                        <\/p>\n","protected":false},"excerpt":{"rendered":"<p>TECHNICAL VIPER<\/p>\n","protected":false},"featured_media":59314,"template":"","meta":[],"product_brand":[],"product_cat":[353],"product_tag":[84],"class_list":{"0":"post-46778","1":"product","2":"type-product","3":"status-publish","4":"has-post-thumbnail","6":"product_cat-padel_y_tenis_palas","7":"product_tag-babolat","8":"pa_color-unico","9":"pa_talla-unica","10":"thunk-woo-product-list","11":"opn-qv-enable","12":"open-woo-hover-","13":"open-single-product-tab-horizontal","14":"open-shadow-","15":"open-shadow-hover-","17":"first","18":"instock","19":"sale","20":"shipping-taxable","21":"purchasable","22":"product-type-variable"},"jetpack_sharing_enabled":true,"_links":{"self":[{"href":"https:\/\/www.deporteseli.com\/index.php?rest_route=\/wp\/v2\/product\/46778","targetHints":{"allow":["GET"]}}],"collection":[{"href":"https:\/\/www.deporteseli.com\/index.php?rest_route=\/wp\/v2\/product"}],"about":[{"href":"https:\/\/www.deporteseli.com\/index.php?rest_route=\/wp\/v2\/types\/product"}],"wp:featuredmedia":[{"embeddable":true,"href":"https:\/\/www.deporteseli.com\/index.php?rest_route=\/wp\/v2\/media\/59314"}],"wp:attachment":[{"href":"https:\/\/www.deporteseli.com\/index.php?rest_route=%2Fwp%2Fv2%2Fmedia&parent=46778"}],"wp:term":[{"taxonomy":"product_brand","embeddable":true,"href":"https:\/\/www.deporteseli.com\/index.php?rest_route=%2Fwp%2Fv2%2Fproduct_brand&post=46778"},{"taxonomy":"product_cat","embeddable":true,"href":"https:\/\/www.deporteseli.com\/index.php?rest_route=%2Fwp%2Fv2%2Fproduct_cat&post=46778"},{"taxonomy":"product_tag","embeddable":true,"href":"https:\/\/www.deporteseli.com\/index.php?rest_route=%2Fwp%2Fv2%2Fproduct_tag&post=46778"}],"curies":[{"name":"wp","href":"https:\/\/api.w.org\/{rel}","templated":true}]}}