{"id":46745,"date":"2026-01-27T21:22:52","date_gmt":"2026-01-27T21:22:52","guid":{"rendered":"https:\/\/www.deporteseli.com\/?product=short-hummel-215641"},"modified":"2026-03-07T06:28:40","modified_gmt":"2026-03-07T06:28:40","slug":"short-hummel-215641","status":"publish","type":"product","link":"https:\/\/www.deporteseli.com\/?product=short-hummel-215641","title":{"rendered":"SHORT HUMMEL 215641"},"content":{"rendered":"<p>Estos pantalones cortos hummel\u00ae son el complemento perfecto para la colecci\u00f3n deportiva de tu peque\u00f1o explorador. Fabricados en una mezcla de poli\u00e9ster y elastano, los hmlCORE XK HIPSTER KIDS son duraderos y transpirables. El el\u00e1stico en la cintura tambi\u00e9n los hace c\u00f3modos. Gracias al logotipo estampado y los chevrones, tu peque\u00f1o destacar\u00e1 en el patio de recreo.                                                                                                                                                                                                                                                                                                                                                                                                                                                                                                                                                                                                                                                                                                                                                                                                                                                                                                                                                                                                                                        <\/p>\n","protected":false},"excerpt":{"rendered":"<p>SHORT HUMMEL 215641<\/p>\n","protected":false},"featured_media":59278,"template":"","meta":[],"product_brand":[],"product_cat":[382],"product_tag":[55],"class_list":{"0":"post-46745","1":"product","2":"type-product","3":"status-publish","4":"has-post-thumbnail","6":"product_cat-ninas_textil_shorts","7":"product_tag-hummel","8":"pa_color-unico","9":"pa_talla-t-12","10":"pa_talla-t-14","11":"pa_talla-t-16","12":"thunk-woo-product-list","13":"opn-qv-enable","14":"open-woo-hover-","15":"open-single-product-tab-horizontal","16":"open-shadow-","17":"open-shadow-hover-","19":"first","20":"instock","21":"shipping-taxable","22":"purchasable","23":"product-type-variable"},"jetpack_sharing_enabled":true,"_links":{"self":[{"href":"https:\/\/www.deporteseli.com\/index.php?rest_route=\/wp\/v2\/product\/46745","targetHints":{"allow":["GET"]}}],"collection":[{"href":"https:\/\/www.deporteseli.com\/index.php?rest_route=\/wp\/v2\/product"}],"about":[{"href":"https:\/\/www.deporteseli.com\/index.php?rest_route=\/wp\/v2\/types\/product"}],"wp:featuredmedia":[{"embeddable":true,"href":"https:\/\/www.deporteseli.com\/index.php?rest_route=\/wp\/v2\/media\/59278"}],"wp:attachment":[{"href":"https:\/\/www.deporteseli.com\/index.php?rest_route=%2Fwp%2Fv2%2Fmedia&parent=46745"}],"wp:term":[{"taxonomy":"product_brand","embeddable":true,"href":"https:\/\/www.deporteseli.com\/index.php?rest_route=%2Fwp%2Fv2%2Fproduct_brand&post=46745"},{"taxonomy":"product_cat","embeddable":true,"href":"https:\/\/www.deporteseli.com\/index.php?rest_route=%2Fwp%2Fv2%2Fproduct_cat&post=46745"},{"taxonomy":"product_tag","embeddable":true,"href":"https:\/\/www.deporteseli.com\/index.php?rest_route=%2Fwp%2Fv2%2Fproduct_tag&post=46745"}],"curies":[{"name":"wp","href":"https:\/\/api.w.org\/{rel}","templated":true}]}}