{"id":46698,"date":"2026-01-27T21:21:48","date_gmt":"2026-01-27T21:21:48","guid":{"rendered":"https:\/\/www.deporteseli.com\/?product=tenis-adidas-ji1505"},"modified":"2026-03-26T05:19:22","modified_gmt":"2026-03-26T05:19:22","slug":"tenis-adidas-ji1505","status":"publish","type":"product","link":"https:\/\/www.deporteseli.com\/?product=tenis-adidas-ji1505","title":{"rendered":"TENIS ADIDAS JI1505"},"content":{"rendered":"<p>Tenis Ligra 8 Cancha Cubierta  Tenis transpirables hechos en parte con materiales reciclados.  Cambia de direcci\u00f3n en un abrir y cerrar de ojos con estos tenis adidas para cancha cubierta. El exterior de cuero sint\u00e9tico y malla est\u00e1 hecho para ofrecerte comodidad transpirable mientras dominas tus deportes favoritos. Reforzados con una punta Adituff, te mantendr\u00e1n en movimiento por muy intensa que se ponga la acci\u00f3n. Este producto contiene al menos un 20 % de materiales reciclados. Utilizando materiales reciclados disminuimos los residuos, nuestra dependencia de los recursos finitos y la huella que generan los productos que fabricamos.  Ajuste cl\u00e1sico  Cierre de cordones  Exterior de cuero sint\u00e9tico y malla  Sensaci\u00f3n transpirable  Punta Adituff  Mediasuela con amortiguaci\u00f3n  Suela de caucho  Contienen al menos un 20 % de material reciclado  C\u00f3digo del producto : JI1505                                                                                                                                                                                                                                                                                                                                                                                                                                                                                                                                                                                                                                                                                                                                                                                                                                                                                                                                                                                                                                        <\/p>\n","protected":false},"excerpt":{"rendered":"<p>TENIS ADIDAS JI1505<\/p>\n","protected":false},"featured_media":59249,"template":"","meta":[],"product_brand":[],"product_cat":[345],"product_tag":[18],"class_list":{"0":"post-46698","1":"product","2":"type-product","3":"status-publish","4":"has-post-thumbnail","6":"product_cat-deportes_balonmano","7":"product_tag-adidas","8":"pa_color-unico","9":"pa_talla-40-5","10":"pa_talla-41-5","11":"pa_talla-153","12":"pa_talla-42-5","13":"pa_talla-45-5","14":"pa_talla-161","15":"thunk-woo-product-list","16":"opn-qv-enable","17":"open-woo-hover-","18":"open-single-product-tab-horizontal","19":"open-shadow-","20":"open-shadow-hover-","22":"first","23":"instock","24":"sale","25":"shipping-taxable","26":"purchasable","27":"product-type-variable"},"jetpack_sharing_enabled":true,"_links":{"self":[{"href":"https:\/\/www.deporteseli.com\/index.php?rest_route=\/wp\/v2\/product\/46698","targetHints":{"allow":["GET"]}}],"collection":[{"href":"https:\/\/www.deporteseli.com\/index.php?rest_route=\/wp\/v2\/product"}],"about":[{"href":"https:\/\/www.deporteseli.com\/index.php?rest_route=\/wp\/v2\/types\/product"}],"wp:featuredmedia":[{"embeddable":true,"href":"https:\/\/www.deporteseli.com\/index.php?rest_route=\/wp\/v2\/media\/59249"}],"wp:attachment":[{"href":"https:\/\/www.deporteseli.com\/index.php?rest_route=%2Fwp%2Fv2%2Fmedia&parent=46698"}],"wp:term":[{"taxonomy":"product_brand","embeddable":true,"href":"https:\/\/www.deporteseli.com\/index.php?rest_route=%2Fwp%2Fv2%2Fproduct_brand&post=46698"},{"taxonomy":"product_cat","embeddable":true,"href":"https:\/\/www.deporteseli.com\/index.php?rest_route=%2Fwp%2Fv2%2Fproduct_cat&post=46698"},{"taxonomy":"product_tag","embeddable":true,"href":"https:\/\/www.deporteseli.com\/index.php?rest_route=%2Fwp%2Fv2%2Fproduct_tag&post=46698"}],"curies":[{"name":"wp","href":"https:\/\/api.w.org\/{rel}","templated":true}]}}