{"id":46684,"date":"2026-01-27T21:21:30","date_gmt":"2026-01-27T21:21:30","guid":{"rendered":"https:\/\/www.deporteseli.com\/?product=camisa-adidas-je7110"},"modified":"2026-03-07T06:28:08","modified_gmt":"2026-03-07T06:28:08","slug":"camisa-adidas-je7110","status":"publish","type":"product","link":"https:\/\/www.deporteseli.com\/?product=camisa-adidas-je7110","title":{"rendered":"CAMISA ADIDAS JE7110"},"content":{"rendered":"<p>Mantente fresco mientras dominas cada golpe con este top sin mangas de adidas de la colecci\u00f3n Club. Su dise\u00f1o ajustado y su espalda deportiva sin hombros te permiten moverte con agilidad por la cancha y ser decisivo en cada tiro. CLIMACOOL absorbe y dispersa el sudor para mantenerte fresco, seco y sin distracciones durante el juego. El tejido suave y el\u00e1stico asegura que nada te distraiga de tu tenis. CLIMACOOL te ayuda a gestionar el sudor con materiales que lo absorben y dispersan r\u00e1pidamente. Sus fibras de secado r\u00e1pido te proporcionan una sensaci\u00f3n fresca en la piel. Este producto est\u00e1 hecho con al menos un 70% de materiales reciclados. Al reutilizar materiales ya existentes, ayudamos a reducir el desperdicio, la dependencia de recursos finitos y la huella ambiental de los productos que fabricamos.                                                                                                                                                                                                                                                                                                                                                                                                                                                                                                                                                                                                                                                                                                                                                                                                                                                                                                                                                                                                                                        <\/p>\n","protected":false},"excerpt":{"rendered":"<p>CAMISA ADIDAS JE7110<\/p>\n","protected":false},"featured_media":59234,"template":"","meta":[],"product_brand":[],"product_cat":[364],"product_tag":[18],"class_list":{"0":"post-46684","1":"product","2":"type-product","3":"status-publish","4":"has-post-thumbnail","6":"product_cat-padel_y_tenis_textil_camisas","7":"product_tag-adidas","8":"pa_color-unico","9":"pa_talla-l","10":"pa_talla-m","11":"pa_talla-s","12":"pa_talla-xs","13":"thunk-woo-product-list","14":"opn-qv-enable","15":"open-woo-hover-","16":"open-single-product-tab-horizontal","17":"open-shadow-","18":"open-shadow-hover-","20":"first","21":"instock","22":"shipping-taxable","23":"purchasable","24":"product-type-variable"},"jetpack_sharing_enabled":true,"_links":{"self":[{"href":"https:\/\/www.deporteseli.com\/index.php?rest_route=\/wp\/v2\/product\/46684","targetHints":{"allow":["GET"]}}],"collection":[{"href":"https:\/\/www.deporteseli.com\/index.php?rest_route=\/wp\/v2\/product"}],"about":[{"href":"https:\/\/www.deporteseli.com\/index.php?rest_route=\/wp\/v2\/types\/product"}],"wp:featuredmedia":[{"embeddable":true,"href":"https:\/\/www.deporteseli.com\/index.php?rest_route=\/wp\/v2\/media\/59234"}],"wp:attachment":[{"href":"https:\/\/www.deporteseli.com\/index.php?rest_route=%2Fwp%2Fv2%2Fmedia&parent=46684"}],"wp:term":[{"taxonomy":"product_brand","embeddable":true,"href":"https:\/\/www.deporteseli.com\/index.php?rest_route=%2Fwp%2Fv2%2Fproduct_brand&post=46684"},{"taxonomy":"product_cat","embeddable":true,"href":"https:\/\/www.deporteseli.com\/index.php?rest_route=%2Fwp%2Fv2%2Fproduct_cat&post=46684"},{"taxonomy":"product_tag","embeddable":true,"href":"https:\/\/www.deporteseli.com\/index.php?rest_route=%2Fwp%2Fv2%2Fproduct_tag&post=46684"}],"curies":[{"name":"wp","href":"https:\/\/api.w.org\/{rel}","templated":true}]}}