{"id":46586,"date":"2026-01-27T21:19:24","date_gmt":"2026-01-27T21:19:24","guid":{"rendered":"https:\/\/www.deporteseli.com\/?product=chandal-adidas-jl7480"},"modified":"2026-03-07T06:27:34","modified_gmt":"2026-03-07T06:27:34","slug":"chandal-adidas-jl7480","status":"publish","type":"product","link":"https:\/\/www.deporteseli.com\/?product=chandal-adidas-jl7480","title":{"rendered":"CHANDAL ADIDAS JL7480"},"content":{"rendered":"<p>Descripci\u00f3n  Para jugar sin parar o acurrucarse en el sof\u00e1, este conjunto de ch\u00e1ndal para beb\u00e9s adidas es ideal para cualquier ocasi\u00f3n. Est\u00e1 confeccionado en suave tejido de felpa de algod\u00f3n para que los m\u00e1s peque\u00f1os de la casa est\u00e9n c\u00f3modos y abrigados. Con una amplia capucha, la sudadera es ideal para combinarla con otras prendas en los d\u00edas de invierno. El pantal\u00f3n a juego tiene una cintura el\u00e1stica ajustable.                                                                                                                                                                                                                                                                                                                                                                                                                                                                                                                                                                                                                                                                                                                                                                                                                                                                                                                                                                                                                                        <\/p>\n","protected":false},"excerpt":{"rendered":"<p>CHANDAL ADIDAS JL7480<\/p>\n","protected":false},"featured_media":59162,"template":"","meta":[],"product_brand":[],"product_cat":[380],"product_tag":[18],"class_list":{"0":"post-46586","1":"product","2":"type-product","3":"status-publish","4":"has-post-thumbnail","6":"product_cat-ninas_textil_chandals","7":"product_tag-adidas","8":"pa_color-unico","9":"pa_talla-18-meses","10":"pa_talla-167","11":"thunk-woo-product-list","12":"opn-qv-enable","13":"open-woo-hover-","14":"open-single-product-tab-horizontal","15":"open-shadow-","16":"open-shadow-hover-","18":"first","19":"instock","20":"shipping-taxable","21":"purchasable","22":"product-type-variable"},"jetpack_sharing_enabled":true,"_links":{"self":[{"href":"https:\/\/www.deporteseli.com\/index.php?rest_route=\/wp\/v2\/product\/46586","targetHints":{"allow":["GET"]}}],"collection":[{"href":"https:\/\/www.deporteseli.com\/index.php?rest_route=\/wp\/v2\/product"}],"about":[{"href":"https:\/\/www.deporteseli.com\/index.php?rest_route=\/wp\/v2\/types\/product"}],"wp:featuredmedia":[{"embeddable":true,"href":"https:\/\/www.deporteseli.com\/index.php?rest_route=\/wp\/v2\/media\/59162"}],"wp:attachment":[{"href":"https:\/\/www.deporteseli.com\/index.php?rest_route=%2Fwp%2Fv2%2Fmedia&parent=46586"}],"wp:term":[{"taxonomy":"product_brand","embeddable":true,"href":"https:\/\/www.deporteseli.com\/index.php?rest_route=%2Fwp%2Fv2%2Fproduct_brand&post=46586"},{"taxonomy":"product_cat","embeddable":true,"href":"https:\/\/www.deporteseli.com\/index.php?rest_route=%2Fwp%2Fv2%2Fproduct_cat&post=46586"},{"taxonomy":"product_tag","embeddable":true,"href":"https:\/\/www.deporteseli.com\/index.php?rest_route=%2Fwp%2Fv2%2Fproduct_tag&post=46586"}],"curies":[{"name":"wp","href":"https:\/\/api.w.org\/{rel}","templated":true}]}}