{"id":46434,"date":"2026-01-27T21:15:46","date_gmt":"2026-01-27T21:15:46","guid":{"rendered":"https:\/\/www.deporteseli.com\/?product=canilleras-adidas-tiro-match"},"modified":"2026-03-13T05:18:42","modified_gmt":"2026-03-13T05:18:42","slug":"canilleras-adidas-tiro-match","status":"publish","type":"product","link":"https:\/\/www.deporteseli.com\/?product=canilleras-adidas-tiro-match","title":{"rendered":"CANILLERAS ADIDAS TIRO MATCH"},"content":{"rendered":"<p>Blinda tus piernas  Tus piernas, tu tesoro. Prot\u00e9gelas de los rivales con estas espinilleras Tiro Match de adidas. Su dise\u00f1o combina una placa r\u00edgida con un refuerzo interior de EVA y una tobillera integrada para proporcionarte una excelente cobertura. El pr\u00e1ctico cierre autoadherente simplifica las cosas para que solo te concentres en ganar.                                                                                                                                                                                                                                                                                                                                                                                                                                                                                                                                                                                                                                                                                                                                                                                                                                                                                                                                                                                                                                        <\/p>\n","protected":false},"excerpt":{"rendered":"<p>CANILLERAS ADIDAS TIRO MATCH<\/p>\n","protected":false},"featured_media":59043,"template":"","meta":[],"product_brand":[],"product_cat":[324],"product_tag":[18],"class_list":{"0":"post-46434","1":"product","2":"type-product","3":"status-publish","4":"has-post-thumbnail","6":"product_cat-deportes_futbol_canilleras","7":"product_tag-adidas","8":"pa_color-unico","9":"pa_talla-l","10":"pa_talla-m","11":"pa_talla-xl","12":"thunk-woo-product-list","13":"opn-qv-enable","14":"open-woo-hover-","15":"open-single-product-tab-horizontal","16":"open-shadow-","17":"open-shadow-hover-","19":"first","20":"instock","21":"shipping-taxable","22":"purchasable","23":"product-type-variable"},"jetpack_sharing_enabled":true,"_links":{"self":[{"href":"https:\/\/www.deporteseli.com\/index.php?rest_route=\/wp\/v2\/product\/46434","targetHints":{"allow":["GET"]}}],"collection":[{"href":"https:\/\/www.deporteseli.com\/index.php?rest_route=\/wp\/v2\/product"}],"about":[{"href":"https:\/\/www.deporteseli.com\/index.php?rest_route=\/wp\/v2\/types\/product"}],"wp:featuredmedia":[{"embeddable":true,"href":"https:\/\/www.deporteseli.com\/index.php?rest_route=\/wp\/v2\/media\/59043"}],"wp:attachment":[{"href":"https:\/\/www.deporteseli.com\/index.php?rest_route=%2Fwp%2Fv2%2Fmedia&parent=46434"}],"wp:term":[{"taxonomy":"product_brand","embeddable":true,"href":"https:\/\/www.deporteseli.com\/index.php?rest_route=%2Fwp%2Fv2%2Fproduct_brand&post=46434"},{"taxonomy":"product_cat","embeddable":true,"href":"https:\/\/www.deporteseli.com\/index.php?rest_route=%2Fwp%2Fv2%2Fproduct_cat&post=46434"},{"taxonomy":"product_tag","embeddable":true,"href":"https:\/\/www.deporteseli.com\/index.php?rest_route=%2Fwp%2Fv2%2Fproduct_tag&post=46434"}],"curies":[{"name":"wp","href":"https:\/\/api.w.org\/{rel}","templated":true}]}}