{"id":46413,"date":"2026-01-27T21:15:09","date_gmt":"2026-01-27T21:15:09","guid":{"rendered":"https:\/\/www.deporteseli.com\/?product=tenis-puma-carina-3-0"},"modified":"2026-03-13T05:18:40","modified_gmt":"2026-03-13T05:18:40","slug":"tenis-puma-carina-3-0","status":"publish","type":"product","link":"https:\/\/www.deporteseli.com\/?product=tenis-puma-carina-3-0","title":{"rendered":"TENIS PUMA CARINA 3.0"},"content":{"rendered":"<p>Descripci\u00f3n  Adopta un estilo cl\u00e1sico con nuestras zapatillas Carina inspiradas en el tenis. Con un empeine sint\u00e9tico y una plantilla SOFTFOAM  para mayor comodidad. Perfecto para looks vers\u00e1tiles que te hacen sentir fresco y seguro todo el d\u00eda.    CARACTER\u00cdSTICAS &amp; VENTAJAS    SOFTFOAM : Plantilla c\u00f3moda dise\u00f1ada para ofrecer una amortiguaci\u00f3n suave gracias a su tal\u00f3n grueso  El empeine de los zapatos est\u00e1 hecho con al menos un 20% de materiales reciclados y la suela est\u00e1 compuesta de al menos un 10% de materiales reciclados  DETALLES  Ancho regular  Empeine sint\u00e9tico  Cierre con cordones  Forro textil  Intermedia de goma  Suela exterior de goma  PUMA Youth: Recomendado para ni\u00f1os mayores entre 8 y 16 a\u00f1os  Informaci\u00f3n sobre materiales  Plantilla: 100% textil  Suela exterior: 100% goma  Empeine: 55,32% cuero de vaca, 41,72% sint\u00e9tico, 2,96% textil  Forro: 100% textil                                                                                                                                                                                                                                                                                                                                                                                                                                                                                                                                                                                                                                                                                                                                                                                                                                                                                                                                                                                                                                        <\/p>\n","protected":false},"excerpt":{"rendered":"<p>TENIS PUMA CARINA 3.0<\/p>\n","protected":false},"featured_media":59020,"template":"","meta":[],"product_brand":[],"product_cat":[287],"product_tag":[32],"class_list":{"0":"post-46413","1":"product","2":"type-product","3":"status-publish","4":"has-post-thumbnail","6":"product_cat-mujer_calzado_casual","7":"product_tag-puma","8":"pa_color-unico","9":"pa_talla-145","10":"pa_talla-147","11":"thunk-woo-product-list","12":"opn-qv-enable","13":"open-woo-hover-","14":"open-single-product-tab-horizontal","15":"open-shadow-","16":"open-shadow-hover-","18":"first","19":"instock","20":"sale","21":"shipping-taxable","22":"purchasable","23":"product-type-variable"},"jetpack_sharing_enabled":true,"_links":{"self":[{"href":"https:\/\/www.deporteseli.com\/index.php?rest_route=\/wp\/v2\/product\/46413","targetHints":{"allow":["GET"]}}],"collection":[{"href":"https:\/\/www.deporteseli.com\/index.php?rest_route=\/wp\/v2\/product"}],"about":[{"href":"https:\/\/www.deporteseli.com\/index.php?rest_route=\/wp\/v2\/types\/product"}],"wp:featuredmedia":[{"embeddable":true,"href":"https:\/\/www.deporteseli.com\/index.php?rest_route=\/wp\/v2\/media\/59020"}],"wp:attachment":[{"href":"https:\/\/www.deporteseli.com\/index.php?rest_route=%2Fwp%2Fv2%2Fmedia&parent=46413"}],"wp:term":[{"taxonomy":"product_brand","embeddable":true,"href":"https:\/\/www.deporteseli.com\/index.php?rest_route=%2Fwp%2Fv2%2Fproduct_brand&post=46413"},{"taxonomy":"product_cat","embeddable":true,"href":"https:\/\/www.deporteseli.com\/index.php?rest_route=%2Fwp%2Fv2%2Fproduct_cat&post=46413"},{"taxonomy":"product_tag","embeddable":true,"href":"https:\/\/www.deporteseli.com\/index.php?rest_route=%2Fwp%2Fv2%2Fproduct_tag&post=46413"}],"curies":[{"name":"wp","href":"https:\/\/api.w.org\/{rel}","templated":true}]}}