{"id":46326,"date":"2026-01-27T21:13:00","date_gmt":"2026-01-27T21:13:00","guid":{"rendered":"https:\/\/www.deporteseli.com\/?product=camisa-adidas-real-madrid-2a-equip-25-26"},"modified":"2026-01-27T21:13:02","modified_gmt":"2026-01-27T21:13:02","slug":"camisa-adidas-real-madrid-2a-equip-25-26","status":"publish","type":"product","link":"https:\/\/www.deporteseli.com\/?product=camisa-adidas-real-madrid-2a-equip-25-26","title":{"rendered":"CAMISA ADIDAS REAL MADRID 2\u00aa EQUIP. 25\/26"},"content":{"rendered":"<p>Una camiseta del Real Madrid para fans que hace un gui\u00f1o al nuevo look del Bernab\u00e9u.  Ahora que el famoso estadio del Real Madrid entra en su nueva era, esta camiseta de f\u00fatbol segunda equipaci\u00f3n adidas para adolescentes rinde homenaje a las noches m\u00e1gicas en el Santiago Bernab\u00e9u. El estampado efecto muar\u00e9 y los detalles metalizados plateados unen fuerzas para imitar la reluciente fachada del estadio renovado. AEROREADY, que mantiene la piel seca, garantiza que los peque\u00f1os grandes fans est\u00e9n tan c\u00f3modos como en casa cuando vayan a animar a su equipo.  Corte cl\u00e1sico  Cuello redondo  100 % poli\u00e9ster (reciclado)  AEROREADY  Escudo del Real Madrid bordado  Color del art\u00edculo: Legend Ink  N\u00famero de art\u00edculo: JP3947                                                                                                                                                                                                                                                                                                                                                                                                                                                                                                                                                                                                                                                                                                                                                                                                                                                                                                                                                                                                                                        <\/p>\n","protected":false},"excerpt":{"rendered":"<p>CAMISA ADIDAS REAL MADRID 2\u00aa EQUIP. 25\/26<\/p>\n","protected":false},"featured_media":58963,"template":"","meta":[],"product_brand":[],"product_cat":[296],"product_tag":[18],"class_list":{"0":"post-46326","1":"product","2":"type-product","3":"status-publish","4":"has-post-thumbnail","6":"product_cat-nino_textil_camisetas","7":"product_tag-adidas","8":"pa_color-unico","9":"pa_talla-t-14","10":"thunk-woo-product-list","11":"opn-qv-enable","12":"open-woo-hover-","13":"open-single-product-tab-horizontal","14":"open-shadow-","15":"open-shadow-hover-","17":"first","18":"instock","19":"sale","20":"shipping-taxable","21":"purchasable","22":"product-type-variable"},"jetpack_sharing_enabled":true,"_links":{"self":[{"href":"https:\/\/www.deporteseli.com\/index.php?rest_route=\/wp\/v2\/product\/46326","targetHints":{"allow":["GET"]}}],"collection":[{"href":"https:\/\/www.deporteseli.com\/index.php?rest_route=\/wp\/v2\/product"}],"about":[{"href":"https:\/\/www.deporteseli.com\/index.php?rest_route=\/wp\/v2\/types\/product"}],"wp:featuredmedia":[{"embeddable":true,"href":"https:\/\/www.deporteseli.com\/index.php?rest_route=\/wp\/v2\/media\/58963"}],"wp:attachment":[{"href":"https:\/\/www.deporteseli.com\/index.php?rest_route=%2Fwp%2Fv2%2Fmedia&parent=46326"}],"wp:term":[{"taxonomy":"product_brand","embeddable":true,"href":"https:\/\/www.deporteseli.com\/index.php?rest_route=%2Fwp%2Fv2%2Fproduct_brand&post=46326"},{"taxonomy":"product_cat","embeddable":true,"href":"https:\/\/www.deporteseli.com\/index.php?rest_route=%2Fwp%2Fv2%2Fproduct_cat&post=46326"},{"taxonomy":"product_tag","embeddable":true,"href":"https:\/\/www.deporteseli.com\/index.php?rest_route=%2Fwp%2Fv2%2Fproduct_tag&post=46326"}],"curies":[{"name":"wp","href":"https:\/\/api.w.org\/{rel}","templated":true}]}}