{"id":46227,"date":"2026-01-27T21:10:16","date_gmt":"2026-01-27T21:10:16","guid":{"rendered":"https:\/\/www.deporteseli.com\/?product=camisa-adidas-portero-1a-equipacion-25-26"},"modified":"2026-01-27T21:10:23","modified_gmt":"2026-01-27T21:10:23","slug":"camisa-adidas-portero-1a-equipacion-25-26","status":"publish","type":"product","link":"https:\/\/www.deporteseli.com\/?product=camisa-adidas-portero-1a-equipacion-25-26","title":{"rendered":"CAMISA ADIDAS PORTERO 1\u00aa EQUIPACION 25\/26"},"content":{"rendered":"<p>Camiseta de portero profesional que brilla con el estilo del Real Madrid  Defiende los colores de tu equipo de f\u00fatbol. Camiseta de portero del Real Madrid de adidas para representar con estilo al n\u00famero uno de tu equipo. Creada para responder a los movimientos t\u00edpicos del portero, tambi\u00e9n incluye la tecnolog\u00eda AEROREADY, que controla la humedad, para que nada te distraiga. Un escudo del equipo en el pecho completa su llamativo aspecto.  Corte entallado  Cuello redondo  100 % poli\u00e9ster (reciclado)  AEROREADY  Escudo del Real Madrid bordado  Color del art\u00edculo: Blue Burst \/ Ray Blue  N\u00famero de art\u00edculo: JP4178                                                                                                                                                                                                                                                                                                                                                                                                                                                                                                                                                                                                                                                                                                                                                                                                                                                                                                                                                                                                                                        <\/p>\n","protected":false},"excerpt":{"rendered":"<p>CAMISA ADIDAS PORTERO 1\u00aa EQUIPACION 25\/26<\/p>\n","protected":false},"featured_media":58905,"template":"","meta":[],"product_brand":[],"product_cat":[245],"product_tag":[18],"class_list":{"0":"post-46227","1":"product","2":"type-product","3":"status-publish","4":"has-post-thumbnail","6":"product_cat-hombre_textil_camisetas","7":"product_tag-adidas","8":"pa_color-unico","9":"pa_talla-l","10":"pa_talla-m","11":"thunk-woo-product-list","12":"opn-qv-enable","13":"open-woo-hover-","14":"open-single-product-tab-horizontal","15":"open-shadow-","16":"open-shadow-hover-","18":"first","19":"instock","20":"sale","21":"shipping-taxable","22":"purchasable","23":"product-type-variable"},"jetpack_sharing_enabled":true,"_links":{"self":[{"href":"https:\/\/www.deporteseli.com\/index.php?rest_route=\/wp\/v2\/product\/46227","targetHints":{"allow":["GET"]}}],"collection":[{"href":"https:\/\/www.deporteseli.com\/index.php?rest_route=\/wp\/v2\/product"}],"about":[{"href":"https:\/\/www.deporteseli.com\/index.php?rest_route=\/wp\/v2\/types\/product"}],"wp:featuredmedia":[{"embeddable":true,"href":"https:\/\/www.deporteseli.com\/index.php?rest_route=\/wp\/v2\/media\/58905"}],"wp:attachment":[{"href":"https:\/\/www.deporteseli.com\/index.php?rest_route=%2Fwp%2Fv2%2Fmedia&parent=46227"}],"wp:term":[{"taxonomy":"product_brand","embeddable":true,"href":"https:\/\/www.deporteseli.com\/index.php?rest_route=%2Fwp%2Fv2%2Fproduct_brand&post=46227"},{"taxonomy":"product_cat","embeddable":true,"href":"https:\/\/www.deporteseli.com\/index.php?rest_route=%2Fwp%2Fv2%2Fproduct_cat&post=46227"},{"taxonomy":"product_tag","embeddable":true,"href":"https:\/\/www.deporteseli.com\/index.php?rest_route=%2Fwp%2Fv2%2Fproduct_tag&post=46227"}],"curies":[{"name":"wp","href":"https:\/\/api.w.org\/{rel}","templated":true}]}}