{"id":46217,"date":"2026-01-27T21:10:00","date_gmt":"2026-01-27T21:10:00","guid":{"rendered":"https:\/\/www.deporteseli.com\/?product=mochila-adidas-power-2"},"modified":"2026-01-27T21:10:02","modified_gmt":"2026-01-27T21:10:02","slug":"mochila-adidas-power-2","status":"publish","type":"product","link":"https:\/\/www.deporteseli.com\/?product=mochila-adidas-power-2","title":{"rendered":"MOCHILA ADIDAS POWER"},"content":{"rendered":"<p>Tu compa\u00f1era inseparable  Esta vers\u00e1til mochila adidas se adapta a tu rutina diaria, permiti\u00e9ndote transitar con facilidad de clase al gimnasio. Guarda en ella tus libros o la equipaci\u00f3n, sus numerosos bolsillos, incluyendo un compartimento acolchado para el port\u00e1til, te ayudan a mantener tus cosas perfectamente organizadas. \u00dasala tanto como quieras, el revestimiento duradero de la base te garantiza una gran resistencia al desgaste, los roces y los ara\u00f1azos. Las correas de compresi\u00f3n ajustan la carga proporcion\u00e1ndote una experiencia de transporte m\u00e1s c\u00f3moda. Revisa que llevas todo lo necesario y prep\u00e1rate para afrontar el d\u00eda con total confianza.    Este producto se ha fabricado con al menos un 50% de materiales reciclados. Utilizando materiales reciclados, reducimos los residuos, nuestra dependencia de los recursos finitos y la huella que generan los productos que fabricamos.  Dimensiones: 19 cm x 30 cm x 46 cm  Capacidad: 26,4 l  Tejido t\u00e9cnico 100% poli\u00e9ster reciclado  Panel de malla transpirable en la espalda y las correas para los hombros  Bolsillos con cremallera y sin cierre  Compartimento exterior acolchado para el port\u00e1til  Correas ajustables y acolchadas para los hombros  Correas laterales para ajustar la carga  Base con revestimiento de TPE para una mayor resistencia al desgaste  Color del art\u00edculo: Alumina \/ Black  N\u00famero de art\u00edculo: IX3178                                                                                                                                                                                                                                                                                                                                                                                                                                                                                                                                                                                                                                                                                                                                                                                                                                                                                                                                                                                                                                        <\/p>\n","protected":false},"excerpt":{"rendered":"<p>MOCHILA ADIDAS POWER<\/p>\n","protected":false},"featured_media":58894,"template":"","meta":[],"product_brand":[],"product_cat":[401],"product_tag":[18],"class_list":{"0":"post-46217","1":"product","2":"type-product","3":"status-publish","4":"has-post-thumbnail","6":"product_cat-accesorios_mochilas","7":"product_tag-adidas","8":"pa_color-unico","9":"pa_talla-unica","10":"thunk-woo-product-list","11":"opn-qv-enable","12":"open-woo-hover-","13":"open-single-product-tab-horizontal","14":"open-shadow-","15":"open-shadow-hover-","17":"first","18":"instock","19":"shipping-taxable","20":"purchasable","21":"product-type-variable"},"jetpack_sharing_enabled":true,"_links":{"self":[{"href":"https:\/\/www.deporteseli.com\/index.php?rest_route=\/wp\/v2\/product\/46217","targetHints":{"allow":["GET"]}}],"collection":[{"href":"https:\/\/www.deporteseli.com\/index.php?rest_route=\/wp\/v2\/product"}],"about":[{"href":"https:\/\/www.deporteseli.com\/index.php?rest_route=\/wp\/v2\/types\/product"}],"wp:featuredmedia":[{"embeddable":true,"href":"https:\/\/www.deporteseli.com\/index.php?rest_route=\/wp\/v2\/media\/58894"}],"wp:attachment":[{"href":"https:\/\/www.deporteseli.com\/index.php?rest_route=%2Fwp%2Fv2%2Fmedia&parent=46217"}],"wp:term":[{"taxonomy":"product_brand","embeddable":true,"href":"https:\/\/www.deporteseli.com\/index.php?rest_route=%2Fwp%2Fv2%2Fproduct_brand&post=46217"},{"taxonomy":"product_cat","embeddable":true,"href":"https:\/\/www.deporteseli.com\/index.php?rest_route=%2Fwp%2Fv2%2Fproduct_cat&post=46217"},{"taxonomy":"product_tag","embeddable":true,"href":"https:\/\/www.deporteseli.com\/index.php?rest_route=%2Fwp%2Fv2%2Fproduct_tag&post=46217"}],"curies":[{"name":"wp","href":"https:\/\/api.w.org\/{rel}","templated":true}]}}