{"id":46159,"date":"2026-01-27T21:08:43","date_gmt":"2026-01-27T21:08:43","guid":{"rendered":"https:\/\/www.deporteseli.com\/?product=tenis-adidas-court-3-0"},"modified":"2026-03-15T05:19:12","modified_gmt":"2026-03-15T05:19:12","slug":"tenis-adidas-court-3-0","status":"publish","type":"product","link":"https:\/\/www.deporteseli.com\/?product=tenis-adidas-court-3-0","title":{"rendered":"TENIS ADIDAS COURT 3.0"},"content":{"rendered":"<p>Tenis adidas VL Court 3.0 Low Skateboarding  Tenis de gamuza con amortiguaci\u00f3n que te permiten expresarte con estilo  Elegantes o informales. T\u00fa decides. Estos tenis adidas combinan a la perfecci\u00f3n con pr\u00e1cticamente todo lo que tienes en tu armario. La suela de caucho vulcanizada est\u00e1 inspirada en el parque de skate y es perfecta para explorar la ciudad. La parte superior de gamuza suave a\u00f1ade un toque de elegancia. En el interior, la amortiguaci\u00f3n ligera y el forro interno suave brindan soporte al pie d\u00eda tras d\u00eda.  Ajuste cl\u00e1sico  Sistema de amarre de cordones  Parte superior de gamuza  Forro interno textil  Mediasuela con amortiguaci\u00f3n  Suela de caucho vulcanizado  C\u00f3digo del producto : ID8797                                                                                                                                                                                                                                                                                                                                                                                                                                                                                                                                                                                                                                                                                                                                                                                                                                                                                                                                                                                                                                        <\/p>\n","protected":false},"excerpt":{"rendered":"<p>TENIS ADIDAS COURT 3.0<\/p>\n","protected":false},"featured_media":58864,"template":"","meta":[],"product_brand":[],"product_cat":[287],"product_tag":[18],"class_list":{"0":"post-46159","1":"product","2":"type-product","3":"status-publish","4":"has-post-thumbnail","6":"product_cat-mujer_calzado_casual","7":"product_tag-adidas","8":"pa_color-unico","9":"pa_talla-37-5","10":"pa_talla-145","11":"pa_talla-38-5","12":"pa_talla-39-5","13":"pa_talla-149","14":"pa_talla-40-5","15":"pa_talla-41-5","16":"thunk-woo-product-list","17":"opn-qv-enable","18":"open-woo-hover-","19":"open-single-product-tab-horizontal","20":"open-shadow-","21":"open-shadow-hover-","23":"first","24":"instock","25":"sale","26":"shipping-taxable","27":"purchasable","28":"product-type-variable"},"jetpack_sharing_enabled":true,"_links":{"self":[{"href":"https:\/\/www.deporteseli.com\/index.php?rest_route=\/wp\/v2\/product\/46159","targetHints":{"allow":["GET"]}}],"collection":[{"href":"https:\/\/www.deporteseli.com\/index.php?rest_route=\/wp\/v2\/product"}],"about":[{"href":"https:\/\/www.deporteseli.com\/index.php?rest_route=\/wp\/v2\/types\/product"}],"wp:featuredmedia":[{"embeddable":true,"href":"https:\/\/www.deporteseli.com\/index.php?rest_route=\/wp\/v2\/media\/58864"}],"wp:attachment":[{"href":"https:\/\/www.deporteseli.com\/index.php?rest_route=%2Fwp%2Fv2%2Fmedia&parent=46159"}],"wp:term":[{"taxonomy":"product_brand","embeddable":true,"href":"https:\/\/www.deporteseli.com\/index.php?rest_route=%2Fwp%2Fv2%2Fproduct_brand&post=46159"},{"taxonomy":"product_cat","embeddable":true,"href":"https:\/\/www.deporteseli.com\/index.php?rest_route=%2Fwp%2Fv2%2Fproduct_cat&post=46159"},{"taxonomy":"product_tag","embeddable":true,"href":"https:\/\/www.deporteseli.com\/index.php?rest_route=%2Fwp%2Fv2%2Fproduct_tag&post=46159"}],"curies":[{"name":"wp","href":"https:\/\/api.w.org\/{rel}","templated":true}]}}