{"id":46088,"date":"2026-01-27T21:06:56","date_gmt":"2026-01-27T21:06:56","guid":{"rendered":"https:\/\/www.deporteseli.com\/?product=sudadera-puma-682389"},"modified":"2026-03-07T06:25:27","modified_gmt":"2026-03-07T06:25:27","slug":"sudadera-puma-682389","status":"publish","type":"product","link":"https:\/\/www.deporteseli.com\/?product=sudadera-puma-682389","title":{"rendered":"SUDADERA PUMA 682389"},"content":{"rendered":"<p>HISTORIA DEL PRODUCTO  Disfruta de tu estilo de vida activo con esta vers\u00e1til sudadera con capucha. Con el llamativo logo de PUMA, capucha ajustable y bolsillos tipo canguro, es perfecta para tus aventuras en movimiento.    CARACTER\u00cdSTICAS Y BENEFICIOS  Fabricado con al menos un 50% de materiales reciclados.  DETALLES  Ajuste regular  Tejido de vell\u00f3n  Longitud regular  Capucha con cordones  Mangas largas  Pu\u00f1os y dobladillo acanalados  Bolsillo de canguro  Detalles de la marca PUMA  Informaci\u00f3n del material  Forro de la capucha: 100% algod\u00f3n  Exterior: 66% algod\u00f3n, 34% poli\u00e9ster  Costilla: 97% algod\u00f3n, 3% elastano  Instrucciones de cuidado  Exclusivo de Decoraci\u00f3n  Lavar con colores similares  No lavar en seco  No planchar la impresi\u00f3n  Lavar y planchar del rev\u00e9s.  Utilice detergente para los colores.                                                                                                                                                                                                                                                                                                                                                                                                                                                                                                                                                                                                                                                                                                                                                                                                                                                                                                                                                                                                                                        <\/p>\n","protected":false},"excerpt":{"rendered":"<p>SUDADERA PUMA 682389<\/p>\n","protected":false},"featured_media":58832,"template":"","meta":[],"product_brand":[],"product_cat":[279],"product_tag":[32],"class_list":{"0":"post-46088","1":"product","2":"type-product","3":"status-publish","4":"has-post-thumbnail","6":"product_cat-mujer_textil_sudaderas","7":"product_tag-puma","8":"pa_color-unico","9":"pa_talla-s","10":"thunk-woo-product-list","11":"opn-qv-enable","12":"open-woo-hover-","13":"open-single-product-tab-horizontal","14":"open-shadow-","15":"open-shadow-hover-","17":"first","18":"instock","19":"shipping-taxable","20":"purchasable","21":"product-type-variable"},"jetpack_sharing_enabled":true,"_links":{"self":[{"href":"https:\/\/www.deporteseli.com\/index.php?rest_route=\/wp\/v2\/product\/46088","targetHints":{"allow":["GET"]}}],"collection":[{"href":"https:\/\/www.deporteseli.com\/index.php?rest_route=\/wp\/v2\/product"}],"about":[{"href":"https:\/\/www.deporteseli.com\/index.php?rest_route=\/wp\/v2\/types\/product"}],"wp:featuredmedia":[{"embeddable":true,"href":"https:\/\/www.deporteseli.com\/index.php?rest_route=\/wp\/v2\/media\/58832"}],"wp:attachment":[{"href":"https:\/\/www.deporteseli.com\/index.php?rest_route=%2Fwp%2Fv2%2Fmedia&parent=46088"}],"wp:term":[{"taxonomy":"product_brand","embeddable":true,"href":"https:\/\/www.deporteseli.com\/index.php?rest_route=%2Fwp%2Fv2%2Fproduct_brand&post=46088"},{"taxonomy":"product_cat","embeddable":true,"href":"https:\/\/www.deporteseli.com\/index.php?rest_route=%2Fwp%2Fv2%2Fproduct_cat&post=46088"},{"taxonomy":"product_tag","embeddable":true,"href":"https:\/\/www.deporteseli.com\/index.php?rest_route=%2Fwp%2Fv2%2Fproduct_tag&post=46088"}],"curies":[{"name":"wp","href":"https:\/\/api.w.org\/{rel}","templated":true}]}}