{"id":46039,"date":"2026-01-27T21:05:40","date_gmt":"2026-01-27T21:05:40","guid":{"rendered":"https:\/\/www.deporteseli.com\/?product=tenis-wilson-wrs335730"},"modified":"2026-01-27T21:05:51","modified_gmt":"2026-01-27T21:05:51","slug":"tenis-wilson-wrs335730","status":"publish","type":"product","link":"https:\/\/www.deporteseli.com\/?product=tenis-wilson-wrs335730","title":{"rendered":"TENIS WILSON WRS335730"},"content":{"rendered":"<p>Descripci\u00f3n  Las Wilson Hurakn Pro V2 Black\/White\/Green Gecko 2025 son ideales para jugadores agresivos que buscan potencia y flexibilidad. Incorporan tecnolog\u00eda Endofit con ajuste tipo calcet\u00edn para comodidad y estabilidad. Su suela Optimum Grip en espiral facilita giros r\u00e1pidos en pista. Fabricadas con TPU reciclado y malla, ofrecen ligereza y ventilaci\u00f3n. La mediasuela con espuma Fused 8 EVA garantiza amortiguaci\u00f3n, mientras que el Pro Torque Chassis Light aporta estabilidad en un dise\u00f1o ligero y flexible.                                                                                                                                                                                                                                                                                                                                                                                                                                                                                                                                                                                                                                                                                                                                                                                                                                                                                                                                                                                                                                        <\/p>\n","protected":false},"excerpt":{"rendered":"<p>TENIS WILSON WRS335730<\/p>\n","protected":false},"featured_media":58786,"template":"","meta":[],"product_brand":[],"product_cat":[371],"product_tag":[57],"class_list":{"0":"post-46039","1":"product","2":"type-product","3":"status-publish","4":"has-post-thumbnail","6":"product_cat-padel_y_tenis_calzado","7":"product_tag-wilson","8":"pa_color-unico","9":"pa_talla-151","10":"pa_talla-153","11":"pa_talla-42-5","12":"pa_talla-43-5","13":"pa_talla-157","14":"pa_talla-44-5","15":"pa_talla-45-5","16":"pa_talla-161","17":"thunk-woo-product-list","18":"opn-qv-enable","19":"open-woo-hover-","20":"open-single-product-tab-horizontal","21":"open-shadow-","22":"open-shadow-hover-","24":"first","25":"instock","26":"sale","27":"shipping-taxable","28":"purchasable","29":"product-type-variable"},"jetpack_sharing_enabled":true,"_links":{"self":[{"href":"https:\/\/www.deporteseli.com\/index.php?rest_route=\/wp\/v2\/product\/46039","targetHints":{"allow":["GET"]}}],"collection":[{"href":"https:\/\/www.deporteseli.com\/index.php?rest_route=\/wp\/v2\/product"}],"about":[{"href":"https:\/\/www.deporteseli.com\/index.php?rest_route=\/wp\/v2\/types\/product"}],"wp:featuredmedia":[{"embeddable":true,"href":"https:\/\/www.deporteseli.com\/index.php?rest_route=\/wp\/v2\/media\/58786"}],"wp:attachment":[{"href":"https:\/\/www.deporteseli.com\/index.php?rest_route=%2Fwp%2Fv2%2Fmedia&parent=46039"}],"wp:term":[{"taxonomy":"product_brand","embeddable":true,"href":"https:\/\/www.deporteseli.com\/index.php?rest_route=%2Fwp%2Fv2%2Fproduct_brand&post=46039"},{"taxonomy":"product_cat","embeddable":true,"href":"https:\/\/www.deporteseli.com\/index.php?rest_route=%2Fwp%2Fv2%2Fproduct_cat&post=46039"},{"taxonomy":"product_tag","embeddable":true,"href":"https:\/\/www.deporteseli.com\/index.php?rest_route=%2Fwp%2Fv2%2Fproduct_tag&post=46039"}],"curies":[{"name":"wp","href":"https:\/\/api.w.org\/{rel}","templated":true}]}}