{"id":46024,"date":"2026-01-27T21:05:21","date_gmt":"2026-01-27T21:05:21","guid":{"rendered":"https:\/\/www.deporteseli.com\/?product=asics-game-ff-padel-negro"},"modified":"2026-03-03T05:19:10","modified_gmt":"2026-03-03T05:19:10","slug":"asics-game-ff-padel-negro","status":"publish","type":"product","link":"https:\/\/www.deporteseli.com\/?product=asics-game-ff-padel-negro","title":{"rendered":"ASICS GAME FF PADEL NEGRO"},"content":{"rendered":"<p>Descripci\u00f3n  Asics Game FF Padel Negro  Las Game FF Padel en color negro son unas zapatillas Asics para hombre que combinan una suela dise\u00f1ada exclusivamente para p\u00e1del con materiales ligeros y tecnolog\u00edas de alto rendimiento. Su estructura cuenta con una parte superior de malla abierta que maximiza la ventilaci\u00f3n, manteniendo tus pies frescos durante todo el partido.    Los refuerzos de PU y cuero sint\u00e9tico refuerzan la estabilidad en los movimientos laterales m\u00e1s exigentes. La entresuela incluye tecnolog\u00eda FLYTEFOAM\u2122, que concede una amortiguaci\u00f3n suave y ligera. Adem\u00e1s, el sistema GEL\u2122 ubicado estrat\u00e9gicamente absorbe el impacto en cada paso, mejorando la comodidad general del calzado.    Este calzado Asics 2025 est\u00e1 pensado para jugadores de nivel intermedio que buscan un rendimiento equilibrado en defensa y ataque. Su dise\u00f1o t\u00e9cnico se adapta al ritmo del juego, ofreciendo ligereza sin renunciar a la sujeci\u00f3n. Es una excelente elecci\u00f3n para quienes priorizan la comodidad, la transpirabilidad y una pisada estable durante todo el partido.    Caracter\u00edsticas t\u00e9cnicas principales  Suela espec\u00edfica para p\u00e1del: tracci\u00f3n multidireccional y mayor durabilidad  Upper de malla abierta: favorece la ventilaci\u00f3n y mantiene los pies frescos  Revestimientos de PU y cuero sint\u00e9tico: mayor estabilidad lateral  Mediasuela con FLYTEFOAM\u2122: amortiguaci\u00f3n ligera y reactiva  Amortiguaci\u00f3n GEL\u2122: absorci\u00f3n de impactos para una pisada m\u00e1s suave  Con su estructura ligera y un dise\u00f1o moderno en negro con detalles coral, las Asics Game FF Padel no solo destacan por su rendimiento, sino tambi\u00e9n por su estilo. Ideales para jugadores exigentes que buscan lo mejor en comodidad, respuesta y agarre en pista.                                                                                                                                                                                                                                                                                                                                                                                                                                                                                                                                                                                                                                                                                                                                                                                                                                                                                                                                                                                                                                        <\/p>\n","protected":false},"excerpt":{"rendered":"<p>ASICS GAME FF PADEL NEGRO<\/p>\n","protected":false},"featured_media":58776,"template":"","meta":[],"product_brand":[],"product_cat":[371],"product_tag":[19],"class_list":{"0":"post-46024","1":"product","2":"type-product","3":"status-publish","4":"has-post-thumbnail","6":"product_cat-padel_y_tenis_calzado","7":"product_tag-asics","8":"pa_color-unico","9":"pa_talla-40-5","10":"pa_talla-41-5","11":"pa_talla-153","12":"pa_talla-42-5","13":"pa_talla-43-5","14":"pa_talla-157","15":"pa_talla-159","16":"pa_talla-161","17":"pa_talla-163","18":"pa_talla-164","19":"thunk-woo-product-list","20":"opn-qv-enable","21":"open-woo-hover-","22":"open-single-product-tab-horizontal","23":"open-shadow-","24":"open-shadow-hover-","26":"first","27":"instock","28":"sale","29":"shipping-taxable","30":"purchasable","31":"product-type-variable"},"jetpack_sharing_enabled":true,"_links":{"self":[{"href":"https:\/\/www.deporteseli.com\/index.php?rest_route=\/wp\/v2\/product\/46024","targetHints":{"allow":["GET"]}}],"collection":[{"href":"https:\/\/www.deporteseli.com\/index.php?rest_route=\/wp\/v2\/product"}],"about":[{"href":"https:\/\/www.deporteseli.com\/index.php?rest_route=\/wp\/v2\/types\/product"}],"wp:featuredmedia":[{"embeddable":true,"href":"https:\/\/www.deporteseli.com\/index.php?rest_route=\/wp\/v2\/media\/58776"}],"wp:attachment":[{"href":"https:\/\/www.deporteseli.com\/index.php?rest_route=%2Fwp%2Fv2%2Fmedia&parent=46024"}],"wp:term":[{"taxonomy":"product_brand","embeddable":true,"href":"https:\/\/www.deporteseli.com\/index.php?rest_route=%2Fwp%2Fv2%2Fproduct_brand&post=46024"},{"taxonomy":"product_cat","embeddable":true,"href":"https:\/\/www.deporteseli.com\/index.php?rest_route=%2Fwp%2Fv2%2Fproduct_cat&post=46024"},{"taxonomy":"product_tag","embeddable":true,"href":"https:\/\/www.deporteseli.com\/index.php?rest_route=%2Fwp%2Fv2%2Fproduct_tag&post=46024"}],"curies":[{"name":"wp","href":"https:\/\/api.w.org\/{rel}","templated":true}]}}