{"id":45997,"date":"2026-01-27T21:04:45","date_gmt":"2026-01-27T21:04:45","guid":{"rendered":"https:\/\/www.deporteseli.com\/?product=pala-bullpadel-discover-ctr"},"modified":"2026-04-09T04:17:41","modified_gmt":"2026-04-09T04:17:41","slug":"pala-bullpadel-discover-ctr","status":"publish","type":"product","link":"https:\/\/www.deporteseli.com\/?product=pala-bullpadel-discover-ctr","title":{"rendered":"PALA BULLPADEL DISCOVER CTR"},"content":{"rendered":"<p>Pala Discover Ctr \u2013 Control total con ligereza y precisi\u00f3n  Dise\u00f1ada para jugadores amateurs que buscan m\u00e1xima manejabilidad y confort  La Discover Ctr es una pala de forma redonda pensada para jugadores ocasionales o en iniciaci\u00f3n. Su peso ligero y su balance bajo proporcionan un control absoluto en cada golpe, ideal para perfeccionar la t\u00e9cnica desde el fondo de pista.    Est\u00e1 fabricada con fibra de vidrio Polyglass en el exterior, goma SoftEva en el n\u00facleo interior y un marco tubular 100% carbono CarbonTube. Adem\u00e1s, su dise\u00f1o aerodin\u00e1mico Curvedge 3D facilita los movimientos y mejora la velocidad de reacci\u00f3n.    Caracter\u00edsticas T\u00e9cnicas  Peso: 360\u2013370 g  Perfil: 38 mm  Balance: Bajo  Forma: Redonda  Composici\u00f3n exterior: Fibra de vidrio Polyglass  Composici\u00f3n interior: Goma SoftEva  Marco: CarbonTube 100% carbono  Tipo de pala: Control  Nivel de juego: Iniciaci\u00f3n \/ Ocasional                                                                                                                                                                                                                                                                                                                                                                                                                                                                                                                                                                                                                                                                                                                                                                                                                                                                                                                                                                                                                                        <\/p>\n","protected":false},"excerpt":{"rendered":"<p>PALA BULLPADEL DISCOVER CTR<\/p>\n","protected":false},"featured_media":58755,"template":"","meta":[],"product_brand":[],"product_cat":[353],"product_tag":[21],"class_list":{"0":"post-45997","1":"product","2":"type-product","3":"status-publish","4":"has-post-thumbnail","6":"product_cat-padel_y_tenis_palas","7":"product_tag-bull_padel","8":"pa_color-unico","9":"pa_talla-unica","10":"thunk-woo-product-list","11":"opn-qv-enable","12":"open-woo-hover-","13":"open-single-product-tab-horizontal","14":"open-shadow-","15":"open-shadow-hover-","17":"first","18":"instock","19":"sale","20":"shipping-taxable","21":"purchasable","22":"product-type-variable"},"jetpack_sharing_enabled":true,"_links":{"self":[{"href":"https:\/\/www.deporteseli.com\/index.php?rest_route=\/wp\/v2\/product\/45997","targetHints":{"allow":["GET"]}}],"collection":[{"href":"https:\/\/www.deporteseli.com\/index.php?rest_route=\/wp\/v2\/product"}],"about":[{"href":"https:\/\/www.deporteseli.com\/index.php?rest_route=\/wp\/v2\/types\/product"}],"wp:featuredmedia":[{"embeddable":true,"href":"https:\/\/www.deporteseli.com\/index.php?rest_route=\/wp\/v2\/media\/58755"}],"wp:attachment":[{"href":"https:\/\/www.deporteseli.com\/index.php?rest_route=%2Fwp%2Fv2%2Fmedia&parent=45997"}],"wp:term":[{"taxonomy":"product_brand","embeddable":true,"href":"https:\/\/www.deporteseli.com\/index.php?rest_route=%2Fwp%2Fv2%2Fproduct_brand&post=45997"},{"taxonomy":"product_cat","embeddable":true,"href":"https:\/\/www.deporteseli.com\/index.php?rest_route=%2Fwp%2Fv2%2Fproduct_cat&post=45997"},{"taxonomy":"product_tag","embeddable":true,"href":"https:\/\/www.deporteseli.com\/index.php?rest_route=%2Fwp%2Fv2%2Fproduct_tag&post=45997"}],"curies":[{"name":"wp","href":"https:\/\/api.w.org\/{rel}","templated":true}]}}