{"id":45953,"date":"2026-01-27T21:03:46","date_gmt":"2026-01-27T21:03:46","guid":{"rendered":"https:\/\/www.deporteseli.com\/?product=gorra-adidas-iy0452"},"modified":"2026-01-27T21:03:48","modified_gmt":"2026-01-27T21:03:48","slug":"gorra-adidas-iy0452","status":"publish","type":"product","link":"https:\/\/www.deporteseli.com\/?product=gorra-adidas-iy0452","title":{"rendered":"GORRA ADIDAS IY0452"},"content":{"rendered":"<p>Modelo IY0452- Licencia oficial Real Madrid &#8211; Gorra de b\u00e9isbol de moda con el logotipo del Real Madrid bordado &#8211; Visual en la parte delantera &#8211; Ba,des adidas bordadas &#8211; Ajustable en la parte posterior con strapback de metal  TALLA Unica Se adapta a todos los tama\u00f1os de cabeza  COMPOSICI\u00d3N Y CUIDADO Parte delantera: 100% Algod\u00f3n Parte trasera: 100% Poli\u00e9ster Lavado a mano                                                                                                                                                                                                                                                                                                                                                                                                                                                                                                                                                                                                                                                                                                                                                                                                                                                                                                                                                                                                                                        <\/p>\n","protected":false},"excerpt":{"rendered":"<p>GORRA ADIDAS IY0452<\/p>\n","protected":false},"featured_media":58727,"template":"","meta":[],"product_brand":[],"product_cat":[399],"product_tag":[18],"class_list":{"0":"post-45953","1":"product","2":"type-product","3":"status-publish","4":"has-post-thumbnail","6":"product_cat-accesorios_gorras","7":"product_tag-adidas","8":"pa_color-unico","9":"pa_talla-m","10":"pa_talla-unica","11":"thunk-woo-product-list","12":"opn-qv-enable","13":"open-woo-hover-","14":"open-single-product-tab-horizontal","15":"open-shadow-","16":"open-shadow-hover-","18":"first","19":"instock","20":"shipping-taxable","21":"purchasable","22":"product-type-variable"},"jetpack_sharing_enabled":true,"_links":{"self":[{"href":"https:\/\/www.deporteseli.com\/index.php?rest_route=\/wp\/v2\/product\/45953","targetHints":{"allow":["GET"]}}],"collection":[{"href":"https:\/\/www.deporteseli.com\/index.php?rest_route=\/wp\/v2\/product"}],"about":[{"href":"https:\/\/www.deporteseli.com\/index.php?rest_route=\/wp\/v2\/types\/product"}],"wp:featuredmedia":[{"embeddable":true,"href":"https:\/\/www.deporteseli.com\/index.php?rest_route=\/wp\/v2\/media\/58727"}],"wp:attachment":[{"href":"https:\/\/www.deporteseli.com\/index.php?rest_route=%2Fwp%2Fv2%2Fmedia&parent=45953"}],"wp:term":[{"taxonomy":"product_brand","embeddable":true,"href":"https:\/\/www.deporteseli.com\/index.php?rest_route=%2Fwp%2Fv2%2Fproduct_brand&post=45953"},{"taxonomy":"product_cat","embeddable":true,"href":"https:\/\/www.deporteseli.com\/index.php?rest_route=%2Fwp%2Fv2%2Fproduct_cat&post=45953"},{"taxonomy":"product_tag","embeddable":true,"href":"https:\/\/www.deporteseli.com\/index.php?rest_route=%2Fwp%2Fv2%2Fproduct_tag&post=45953"}],"curies":[{"name":"wp","href":"https:\/\/api.w.org\/{rel}","templated":true}]}}