{"id":45946,"date":"2026-01-27T21:03:35","date_gmt":"2026-01-27T21:03:35","guid":{"rendered":"https:\/\/www.deporteseli.com\/?product=tenis-adidas-jp5147"},"modified":"2026-04-14T04:18:11","modified_gmt":"2026-04-14T04:18:11","slug":"tenis-adidas-jp5147","status":"publish","type":"product","link":"https:\/\/www.deporteseli.com\/?product=tenis-adidas-jp5147","title":{"rendered":"TENIS ADIDAS JP5147"},"content":{"rendered":"<p>Comodidad y diversi\u00f3n a todo tren  Para jugar y saltar en el cole y en el parque, aqu\u00ed est\u00e1 esta zapatilla adidas para peques imparables. Presenta un empeine ligero con un forro suave y una mediasuela con amortiguaci\u00f3n Cloudfoam que le brindan una pisada m\u00e1s c\u00f3moda y una gran sujeci\u00f3n durante todo el d\u00eda. Incorpora cordones el\u00e1sticos y una correa autoadherente para pon\u00e9rsela y quit\u00e1rsela en cuesti\u00f3n de segundos y  que comience la acci\u00f3n!    Este producto contiene al menos un 20% de materiales reciclados. Utilizando materiales reciclados, reducimos los residuos, nuestra dependencia de los recursos finitos y la huella que generan los productos que fabricamos.  Corte cl\u00e1sico  Cordones el\u00e1sticos y correa autoadherente  Empeine textil  Forro textil  Mediasuela Cloudfoam  Suela de goma  Contiene al menos un 20% de material reciclado  Color del art\u00edculo: Royal Blue \/ Cloud White \/ Dark Blue  N\u00famero de art\u00edculo: JP5147                                                                                                                                                                                                                                                                                                                                                                                                                                                                                                                                                                                                                                                                                                                                                                                                                                                                                                                                                                                                                                        <\/p>\n","protected":false},"excerpt":{"rendered":"<p>TENIS ADIDAS JP5147<\/p>\n","protected":false},"featured_media":58721,"template":"","meta":[],"product_brand":[],"product_cat":[308],"product_tag":[18],"class_list":{"0":"post-45946","1":"product","2":"type-product","3":"status-publish","4":"has-post-thumbnail","6":"product_cat-nino_calzado_running","7":"product_tag-adidas","8":"pa_color-unico","9":"pa_talla-125","10":"pa_talla-127","11":"pa_talla-129","12":"pa_talla-131","13":"pa_talla-133","14":"pa_talla-135","15":"pa_talla-137","16":"pa_talla-139","17":"thunk-woo-product-list","18":"opn-qv-enable","19":"open-woo-hover-","20":"open-single-product-tab-horizontal","21":"open-shadow-","22":"open-shadow-hover-","24":"first","25":"instock","26":"shipping-taxable","27":"purchasable","28":"product-type-variable"},"jetpack_sharing_enabled":true,"_links":{"self":[{"href":"https:\/\/www.deporteseli.com\/index.php?rest_route=\/wp\/v2\/product\/45946","targetHints":{"allow":["GET"]}}],"collection":[{"href":"https:\/\/www.deporteseli.com\/index.php?rest_route=\/wp\/v2\/product"}],"about":[{"href":"https:\/\/www.deporteseli.com\/index.php?rest_route=\/wp\/v2\/types\/product"}],"wp:featuredmedia":[{"embeddable":true,"href":"https:\/\/www.deporteseli.com\/index.php?rest_route=\/wp\/v2\/media\/58721"}],"wp:attachment":[{"href":"https:\/\/www.deporteseli.com\/index.php?rest_route=%2Fwp%2Fv2%2Fmedia&parent=45946"}],"wp:term":[{"taxonomy":"product_brand","embeddable":true,"href":"https:\/\/www.deporteseli.com\/index.php?rest_route=%2Fwp%2Fv2%2Fproduct_brand&post=45946"},{"taxonomy":"product_cat","embeddable":true,"href":"https:\/\/www.deporteseli.com\/index.php?rest_route=%2Fwp%2Fv2%2Fproduct_cat&post=45946"},{"taxonomy":"product_tag","embeddable":true,"href":"https:\/\/www.deporteseli.com\/index.php?rest_route=%2Fwp%2Fv2%2Fproduct_tag&post=45946"}],"curies":[{"name":"wp","href":"https:\/\/api.w.org\/{rel}","templated":true}]}}