{"id":45870,"date":"2026-01-27T21:01:28","date_gmt":"2026-01-27T21:01:28","guid":{"rendered":"https:\/\/www.deporteseli.com\/?product=short-adidas-in6174"},"modified":"2026-03-07T06:24:49","modified_gmt":"2026-03-07T06:24:49","slug":"short-adidas-in6174","status":"publish","type":"product","link":"https:\/\/www.deporteseli.com\/?product=short-adidas-in6174","title":{"rendered":"SHORT ADIDAS IN6174"},"content":{"rendered":"<p>El confort que te mereces  Este pantal\u00f3n corto adidas es perfecto para tus d\u00edas de relax. Se ha confeccionado en un tejido de algod\u00f3n suave que te ofrece una comodidad total desde el primer momento. Las cl\u00e1sicas 3 bandas en los laterales le aportan un toque deportivo inconfundible.  Corte cl\u00e1sico  Cintura el\u00e1stica con cord\u00f3n  93% algod\u00f3n \/ 7% elastano  Talle alto  Bolsillos frontales  Color del art\u00edculo: Light Grey Heather \/ White  N\u00famero de art\u00edculo: IN6174                                                                                                                                                                                                                                                                                                                                                                                                                                                                                                                                                                                                                                                                                                                                                                                                                                                                                                                                                                                                                                        <\/p>\n","protected":false},"excerpt":{"rendered":"<p>SHORT ADIDAS IN6174<\/p>\n","protected":false},"featured_media":58641,"template":"","meta":[],"product_brand":[],"product_cat":[277],"product_tag":[18],"class_list":{"0":"post-45870","1":"product","2":"type-product","3":"status-publish","4":"has-post-thumbnail","6":"product_cat-mujer_textil_shorts","7":"product_tag-adidas","8":"pa_color-unico","9":"pa_talla-m","10":"pa_talla-s","11":"pa_talla-xs","12":"thunk-woo-product-list","13":"opn-qv-enable","14":"open-woo-hover-","15":"open-single-product-tab-horizontal","16":"open-shadow-","17":"open-shadow-hover-","19":"first","20":"instock","21":"shipping-taxable","22":"purchasable","23":"product-type-variable"},"jetpack_sharing_enabled":true,"_links":{"self":[{"href":"https:\/\/www.deporteseli.com\/index.php?rest_route=\/wp\/v2\/product\/45870","targetHints":{"allow":["GET"]}}],"collection":[{"href":"https:\/\/www.deporteseli.com\/index.php?rest_route=\/wp\/v2\/product"}],"about":[{"href":"https:\/\/www.deporteseli.com\/index.php?rest_route=\/wp\/v2\/types\/product"}],"wp:featuredmedia":[{"embeddable":true,"href":"https:\/\/www.deporteseli.com\/index.php?rest_route=\/wp\/v2\/media\/58641"}],"wp:attachment":[{"href":"https:\/\/www.deporteseli.com\/index.php?rest_route=%2Fwp%2Fv2%2Fmedia&parent=45870"}],"wp:term":[{"taxonomy":"product_brand","embeddable":true,"href":"https:\/\/www.deporteseli.com\/index.php?rest_route=%2Fwp%2Fv2%2Fproduct_brand&post=45870"},{"taxonomy":"product_cat","embeddable":true,"href":"https:\/\/www.deporteseli.com\/index.php?rest_route=%2Fwp%2Fv2%2Fproduct_cat&post=45870"},{"taxonomy":"product_tag","embeddable":true,"href":"https:\/\/www.deporteseli.com\/index.php?rest_route=%2Fwp%2Fv2%2Fproduct_tag&post=45870"}],"curies":[{"name":"wp","href":"https:\/\/api.w.org\/{rel}","templated":true}]}}