{"id":45784,"date":"2026-01-27T20:59:28","date_gmt":"2026-01-27T20:59:28","guid":{"rendered":"https:\/\/www.deporteseli.com\/?product=tenis-reebok-100211357"},"modified":"2026-01-27T20:59:30","modified_gmt":"2026-01-27T20:59:30","slug":"tenis-reebok-100211357","status":"publish","type":"product","link":"https:\/\/www.deporteseli.com\/?product=tenis-reebok-100211357","title":{"rendered":"TENIS REEBOK 100211357"},"content":{"rendered":"<p>Las Reebok Rush Runner 5.0  son unas zapatillas deportivas con un gran dise\u00f1o, adecuadas para el uso diario. El modelo tiene l\u00edneas limpias y detalles distintivos.        La parte superior est\u00e1 fabricada en material textil que proporciona una excelente termorregulaci\u00f3n. La construcci\u00f3n est\u00e1 reforzada con elementos de cuero ecol\u00f3gico para mayor resistencia y durabilidad.        La leng\u00fceta textil proporciona la ventilaci\u00f3n necesaria para mantener la zapatilla fresca. La zona del tobillo est\u00e1 doblemente acolchada, lo que garantiza la estabilidad durante el movimiento.        La entresuela est\u00e1 hecha de espuma, que suaviza la sensaci\u00f3n al pisar y absorbe la tensi\u00f3n creada por el contacto con la superficie.                                                                                                                                                                                                                                                                                                                                                                                                                                                                                                                                                                                                                                                                                                                                                                                                                                                                                                                                                                                                                                        <\/p>\n","protected":false},"excerpt":{"rendered":"<p>TENIS REEBOK 100211357<\/p>\n","protected":false},"featured_media":58577,"template":"","meta":[],"product_brand":[],"product_cat":[308],"product_tag":[41],"class_list":{"0":"post-45784","1":"product","2":"type-product","3":"status-publish","4":"has-post-thumbnail","6":"product_cat-nino_calzado_running","7":"product_tag-reebok","8":"pa_color-unico","9":"pa_talla-139","10":"pa_talla-143","11":"thunk-woo-product-list","12":"opn-qv-enable","13":"open-woo-hover-","14":"open-single-product-tab-horizontal","15":"open-shadow-","16":"open-shadow-hover-","18":"first","19":"instock","20":"sale","21":"shipping-taxable","22":"purchasable","23":"product-type-variable"},"jetpack_sharing_enabled":true,"_links":{"self":[{"href":"https:\/\/www.deporteseli.com\/index.php?rest_route=\/wp\/v2\/product\/45784","targetHints":{"allow":["GET"]}}],"collection":[{"href":"https:\/\/www.deporteseli.com\/index.php?rest_route=\/wp\/v2\/product"}],"about":[{"href":"https:\/\/www.deporteseli.com\/index.php?rest_route=\/wp\/v2\/types\/product"}],"wp:featuredmedia":[{"embeddable":true,"href":"https:\/\/www.deporteseli.com\/index.php?rest_route=\/wp\/v2\/media\/58577"}],"wp:attachment":[{"href":"https:\/\/www.deporteseli.com\/index.php?rest_route=%2Fwp%2Fv2%2Fmedia&parent=45784"}],"wp:term":[{"taxonomy":"product_brand","embeddable":true,"href":"https:\/\/www.deporteseli.com\/index.php?rest_route=%2Fwp%2Fv2%2Fproduct_brand&post=45784"},{"taxonomy":"product_cat","embeddable":true,"href":"https:\/\/www.deporteseli.com\/index.php?rest_route=%2Fwp%2Fv2%2Fproduct_cat&post=45784"},{"taxonomy":"product_tag","embeddable":true,"href":"https:\/\/www.deporteseli.com\/index.php?rest_route=%2Fwp%2Fv2%2Fproduct_tag&post=45784"}],"curies":[{"name":"wp","href":"https:\/\/api.w.org\/{rel}","templated":true}]}}