{"id":45772,"date":"2026-01-27T20:59:11","date_gmt":"2026-01-27T20:59:11","guid":{"rendered":"https:\/\/www.deporteseli.com\/?product=chandal-adidas-jc9646"},"modified":"2026-03-07T06:24:34","modified_gmt":"2026-03-07T06:24:34","slug":"chandal-adidas-jc9646","status":"publish","type":"product","link":"https:\/\/www.deporteseli.com\/?product=chandal-adidas-jc9646","title":{"rendered":"CHANDAL ADIDAS JC9646"},"content":{"rendered":"<p>PANTALONES DEPORTIVOS ESSENTIALS PARA NI\u00d1OS  UN CONJUNTO C\u00d3MODO PARA BEB\u00c9S SIEMPRE EN MOVIMIENTO, FABRICADO EN PARTE CON UNA MEZCLA DE MATERIALES RECICLADOS Y RENOVABLES.  Estos pantalones deportivos adidas para beb\u00e9 est\u00e1n dise\u00f1ados para los m\u00e1s peque\u00f1os que siempre est\u00e1n en movimiento. Su suave tejido French terry los mantiene c\u00f3modos, ya sea jugando o durmiendo la siesta. Los pu\u00f1os acanalados y la cintura el\u00e1stica se mantienen en su lugar durante todas sus aventuras. Al optar por materiales reciclados, podemos reutilizar materiales ya creados, lo que ayuda a reducir los residuos. La elecci\u00f3n de materiales renovables nos ayuda a reducir nuestra dependencia de recursos finitos. Nuestros productos, fabricados con una mezcla de materiales reciclados y renovables, contienen al menos un 70 % de estos materiales.  Detalles Del Producto  Ajuste regular  Parte superior: Cuello redondo  70% algod\u00f3n, 30% poli\u00e9ster (reciclado)  Pantalones: Cintura el\u00e1stica  Contiene un m\u00ednimo de 70% de contenido reciclado y renovable.  C\u00f3digo de producto: JC9646                                                                                                                                                                                                                                                                                                                                                                                                                                                                                                                                                                                                                                                                                                                                                                                                                                                                                                                                                                                                                                        <\/p>\n","protected":false},"excerpt":{"rendered":"<p>CHANDAL ADIDAS JC9646<\/p>\n","protected":false},"featured_media":58565,"template":"","meta":[],"product_brand":[],"product_cat":[380],"product_tag":[18],"class_list":{"0":"post-45772","1":"product","2":"type-product","3":"status-publish","4":"has-post-thumbnail","6":"product_cat-ninas_textil_chandals","7":"product_tag-adidas","8":"pa_color-unico","9":"pa_talla-103","10":"pa_talla-167","11":"pa_talla-168","12":"thunk-woo-product-list","13":"opn-qv-enable","14":"open-woo-hover-","15":"open-single-product-tab-horizontal","16":"open-shadow-","17":"open-shadow-hover-","19":"first","20":"instock","21":"shipping-taxable","22":"purchasable","23":"product-type-variable"},"jetpack_sharing_enabled":true,"_links":{"self":[{"href":"https:\/\/www.deporteseli.com\/index.php?rest_route=\/wp\/v2\/product\/45772","targetHints":{"allow":["GET"]}}],"collection":[{"href":"https:\/\/www.deporteseli.com\/index.php?rest_route=\/wp\/v2\/product"}],"about":[{"href":"https:\/\/www.deporteseli.com\/index.php?rest_route=\/wp\/v2\/types\/product"}],"wp:featuredmedia":[{"embeddable":true,"href":"https:\/\/www.deporteseli.com\/index.php?rest_route=\/wp\/v2\/media\/58565"}],"wp:attachment":[{"href":"https:\/\/www.deporteseli.com\/index.php?rest_route=%2Fwp%2Fv2%2Fmedia&parent=45772"}],"wp:term":[{"taxonomy":"product_brand","embeddable":true,"href":"https:\/\/www.deporteseli.com\/index.php?rest_route=%2Fwp%2Fv2%2Fproduct_brand&post=45772"},{"taxonomy":"product_cat","embeddable":true,"href":"https:\/\/www.deporteseli.com\/index.php?rest_route=%2Fwp%2Fv2%2Fproduct_cat&post=45772"},{"taxonomy":"product_tag","embeddable":true,"href":"https:\/\/www.deporteseli.com\/index.php?rest_route=%2Fwp%2Fv2%2Fproduct_tag&post=45772"}],"curies":[{"name":"wp","href":"https:\/\/api.w.org\/{rel}","templated":true}]}}