{"id":45749,"date":"2026-01-27T20:58:32","date_gmt":"2026-01-27T20:58:32","guid":{"rendered":"https:\/\/www.deporteseli.com\/?product=banador-solid-clx-de-longitud-corta"},"modified":"2026-03-07T06:24:21","modified_gmt":"2026-03-07T06:24:21","slug":"banador-solid-clx-de-longitud-corta","status":"publish","type":"product","link":"https:\/\/www.deporteseli.com\/?product=banador-solid-clx-de-longitud-corta","title":{"rendered":"BA\u00f1ADOR SOLID CLX DE LONGITUD CORTA"},"content":{"rendered":"<p>UN B\u00c1SICO IMPRESCINDIBLE  Este ba\u00f1ador adidas es perfecto para disfrutar de una fiesta en la piscina o un p\u00edcnic en la playa. Se ha confeccionado en un tejido ligero de secado r\u00e1pido que te aporta una gran comodidad dentro y fuera del agua. Incorpora un calzoncillo interior de malla que te aporta comodidad y cobertura.    Este producto se ha fabricado con un 100% de material reciclado. Su objetivo es plantear otra soluci\u00f3n m\u00e1s que ayude a eliminar los residuos pl\u00e1sticos.  Corte cl\u00e1sico  Cintura el\u00e1stica con cord\u00f3n  100% poli\u00e9ster (reciclado)  Calzoncillo interior de malla  Bolsillos en las costuras laterales  Color del art\u00edculo: Pure Ruby \/ Black  N\u00famero de art\u00edculo: JC9919                                                                                                                                                                                                                                                                                                                                                                                                                                                                                                                                                                                                                                                                                                                                                                                                                                                                                                                                                                                                                                        <\/p>\n","protected":false},"excerpt":{"rendered":"<p>BA\u00f1ADOR SOLID CLX DE LONGITUD CORTA<\/p>\n","protected":false},"featured_media":58545,"template":"","meta":[],"product_brand":[],"product_cat":[246],"product_tag":[18],"class_list":{"0":"post-45749","1":"product","2":"type-product","3":"status-publish","4":"has-post-thumbnail","6":"product_cat-hombre_textil_banadores","7":"product_tag-adidas","8":"pa_color-unico","9":"pa_talla-l","10":"pa_talla-s","11":"pa_talla-xl","12":"thunk-woo-product-list","13":"opn-qv-enable","14":"open-woo-hover-","15":"open-single-product-tab-horizontal","16":"open-shadow-","17":"open-shadow-hover-","19":"first","20":"instock","21":"shipping-taxable","22":"purchasable","23":"product-type-variable"},"jetpack_sharing_enabled":true,"_links":{"self":[{"href":"https:\/\/www.deporteseli.com\/index.php?rest_route=\/wp\/v2\/product\/45749","targetHints":{"allow":["GET"]}}],"collection":[{"href":"https:\/\/www.deporteseli.com\/index.php?rest_route=\/wp\/v2\/product"}],"about":[{"href":"https:\/\/www.deporteseli.com\/index.php?rest_route=\/wp\/v2\/types\/product"}],"wp:featuredmedia":[{"embeddable":true,"href":"https:\/\/www.deporteseli.com\/index.php?rest_route=\/wp\/v2\/media\/58545"}],"wp:attachment":[{"href":"https:\/\/www.deporteseli.com\/index.php?rest_route=%2Fwp%2Fv2%2Fmedia&parent=45749"}],"wp:term":[{"taxonomy":"product_brand","embeddable":true,"href":"https:\/\/www.deporteseli.com\/index.php?rest_route=%2Fwp%2Fv2%2Fproduct_brand&post=45749"},{"taxonomy":"product_cat","embeddable":true,"href":"https:\/\/www.deporteseli.com\/index.php?rest_route=%2Fwp%2Fv2%2Fproduct_cat&post=45749"},{"taxonomy":"product_tag","embeddable":true,"href":"https:\/\/www.deporteseli.com\/index.php?rest_route=%2Fwp%2Fv2%2Fproduct_tag&post=45749"}],"curies":[{"name":"wp","href":"https:\/\/api.w.org\/{rel}","templated":true}]}}