{"id":45729,"date":"2026-01-27T20:58:03","date_gmt":"2026-01-27T20:58:03","guid":{"rendered":"https:\/\/www.deporteseli.com\/?product=pala-wilson-wr181611u2"},"modified":"2026-03-10T05:23:05","modified_gmt":"2026-03-10T05:23:05","slug":"pala-wilson-wr181611u2","status":"publish","type":"product","link":"https:\/\/www.deporteseli.com\/?product=pala-wilson-wr181611u2","title":{"rendered":"PALA WILSON WR181611U2"},"content":{"rendered":"<p>Descripci\u00f3n  Pala P\u00e1del Wilson Optix V1 Negro Unisex WR181611U2  WR181611U2  Wilson  ________________________________________________________  La Optix V1 es la pala perfecta para quienes se inician en el p\u00e1del. Su dise\u00f1o facilita el juego desde el primer golpe, ofreciendo una experiencia c\u00f3moda y efectiva. Gracias a su cabeza de gran tama\u00f1o, proporciona una mayor superficie de golpeo, permitiendo mayor precisi\u00f3n y control. Su estructura de fibra de vidrio tejida y su n\u00facleo de espuma de baja densidad brindan estabilidad, suavidad y potencia en cada golpe.Caracter\u00edsticas:Estructura de fibra de vidrio tejida, que ofrece una combinaci\u00f3n ideal de estabilidad y respuesta.N\u00facleo de espuma de baja densidad, que proporciona una sensaci\u00f3n c\u00f3moda y suave al contacto.Forma redonda, que favorece un contacto consistente con la pelota.Tecnolog\u00eda Sharp Hole, un proceso avanzado de perforaci\u00f3n que mejora el agarre y efecto en cada golpe.Especificaciones:Arco: 265 mm.Longitud: 455 mm.Forma: Redonda.                                                                                                                                                                                                                                                                                                                                                                                                                                                                                                                                                                                                                                                                                                                                                                                                                                                                                                                                                                                                                                        <\/p>\n","protected":false},"excerpt":{"rendered":"<p>PALA WILSON WR181611U2<\/p>\n","protected":false},"featured_media":58533,"template":"","meta":[],"product_brand":[],"product_cat":[353],"product_tag":[57],"class_list":{"0":"post-45729","1":"product","2":"type-product","3":"status-publish","4":"has-post-thumbnail","6":"product_cat-padel_y_tenis_palas","7":"product_tag-wilson","8":"pa_color-unico","9":"pa_talla-unica","10":"thunk-woo-product-list","11":"opn-qv-enable","12":"open-woo-hover-","13":"open-single-product-tab-horizontal","14":"open-shadow-","15":"open-shadow-hover-","17":"first","18":"instock","19":"sale","20":"shipping-taxable","21":"purchasable","22":"product-type-variable"},"jetpack_sharing_enabled":true,"_links":{"self":[{"href":"https:\/\/www.deporteseli.com\/index.php?rest_route=\/wp\/v2\/product\/45729","targetHints":{"allow":["GET"]}}],"collection":[{"href":"https:\/\/www.deporteseli.com\/index.php?rest_route=\/wp\/v2\/product"}],"about":[{"href":"https:\/\/www.deporteseli.com\/index.php?rest_route=\/wp\/v2\/types\/product"}],"wp:featuredmedia":[{"embeddable":true,"href":"https:\/\/www.deporteseli.com\/index.php?rest_route=\/wp\/v2\/media\/58533"}],"wp:attachment":[{"href":"https:\/\/www.deporteseli.com\/index.php?rest_route=%2Fwp%2Fv2%2Fmedia&parent=45729"}],"wp:term":[{"taxonomy":"product_brand","embeddable":true,"href":"https:\/\/www.deporteseli.com\/index.php?rest_route=%2Fwp%2Fv2%2Fproduct_brand&post=45729"},{"taxonomy":"product_cat","embeddable":true,"href":"https:\/\/www.deporteseli.com\/index.php?rest_route=%2Fwp%2Fv2%2Fproduct_cat&post=45729"},{"taxonomy":"product_tag","embeddable":true,"href":"https:\/\/www.deporteseli.com\/index.php?rest_route=%2Fwp%2Fv2%2Fproduct_tag&post=45729"}],"curies":[{"name":"wp","href":"https:\/\/api.w.org\/{rel}","templated":true}]}}