{"id":45697,"date":"2026-01-27T20:57:21","date_gmt":"2026-01-27T20:57:21","guid":{"rendered":"https:\/\/www.deporteseli.com\/?product=balon-adidas-euro-femenina"},"modified":"2026-01-27T20:57:22","modified_gmt":"2026-01-27T20:57:22","slug":"balon-adidas-euro-femenina","status":"publish","type":"product","link":"https:\/\/www.deporteseli.com\/?product=balon-adidas-euro-femenina","title":{"rendered":"BALON ADIDAS EURO FEMENINA"},"content":{"rendered":"<p>Descripci\u00f3n  El Bal\u00f3n de F\u00fatbol adidas W Euro25 Clb es ideal para los amantes del f\u00fatbol y de la Eurocopa femenina. Este bal\u00f3n est\u00e1 fabricado con un 100 por ciento de poliuretano termopl\u00e1stico, lo que garantiza su durabilidad y resistencia durante el juego.  Su construcci\u00f3n cosida a m\u00e1quina asegura una excelente calidad y rendimiento en el campo. Adem\u00e1s, cuenta con una vejiga de butilo que permite mantener la presi\u00f3n del aire para un juego \u00f3ptimo. El logotipo impreso de la Eurocopa femenina 25 de la UEFA a\u00f1ade un toque especial a este bal\u00f3n.  Se recomienda realizar la inflaci\u00f3n para un uso adecuado. Su color blanco vibrante, junto con los detalles en Pantone, lo hace destacar en cualquier partido. Descubre la experiencia de jugar con el bal\u00f3n oficial que celebra el f\u00fatbol femenino y vive cada partido con pasi\u00f3n y emoci\u00f3n.    Caracter\u00edsticas  100% poliuretano termopl\u00e1stico  Construcci\u00f3n cosida a m\u00e1quina  Vejiga de butilo  Logotipo impreso de la Eurocopa femenina 25 de la UEFA  Requiere inflaci\u00f3n  Color del producto: Blanco \/ Pantone \/ Pantone                                                                                                                                                                                                                                                                                                                                                                                                                                                                                                                                                                                                                                                                                                                                                                                                                                                                                                                                                                                                                                        <\/p>\n","protected":false},"excerpt":{"rendered":"<p>BALON ADIDAS EURO FEMENINA<\/p>\n","protected":false},"featured_media":58499,"template":"","meta":[],"product_brand":[],"product_cat":[347],"product_tag":[18],"class_list":{"0":"post-45697","1":"product","2":"type-product","3":"status-publish","4":"has-post-thumbnail","6":"product_cat-deportes_balones","7":"product_tag-adidas","8":"pa_color-unico","9":"pa_talla-169","10":"thunk-woo-product-list","11":"opn-qv-enable","12":"open-woo-hover-","13":"open-single-product-tab-horizontal","14":"open-shadow-","15":"open-shadow-hover-","17":"first","18":"instock","19":"shipping-taxable","20":"purchasable","21":"product-type-variable"},"jetpack_sharing_enabled":true,"_links":{"self":[{"href":"https:\/\/www.deporteseli.com\/index.php?rest_route=\/wp\/v2\/product\/45697","targetHints":{"allow":["GET"]}}],"collection":[{"href":"https:\/\/www.deporteseli.com\/index.php?rest_route=\/wp\/v2\/product"}],"about":[{"href":"https:\/\/www.deporteseli.com\/index.php?rest_route=\/wp\/v2\/types\/product"}],"wp:featuredmedia":[{"embeddable":true,"href":"https:\/\/www.deporteseli.com\/index.php?rest_route=\/wp\/v2\/media\/58499"}],"wp:attachment":[{"href":"https:\/\/www.deporteseli.com\/index.php?rest_route=%2Fwp%2Fv2%2Fmedia&parent=45697"}],"wp:term":[{"taxonomy":"product_brand","embeddable":true,"href":"https:\/\/www.deporteseli.com\/index.php?rest_route=%2Fwp%2Fv2%2Fproduct_brand&post=45697"},{"taxonomy":"product_cat","embeddable":true,"href":"https:\/\/www.deporteseli.com\/index.php?rest_route=%2Fwp%2Fv2%2Fproduct_cat&post=45697"},{"taxonomy":"product_tag","embeddable":true,"href":"https:\/\/www.deporteseli.com\/index.php?rest_route=%2Fwp%2Fv2%2Fproduct_tag&post=45697"}],"curies":[{"name":"wp","href":"https:\/\/api.w.org\/{rel}","templated":true}]}}