{"id":45683,"date":"2026-01-27T20:57:04","date_gmt":"2026-01-27T20:57:04","guid":{"rendered":"https:\/\/www.deporteseli.com\/?product=boxer-adidas"},"modified":"2026-01-27T20:57:06","modified_gmt":"2026-01-27T20:57:06","slug":"boxer-adidas","status":"publish","type":"product","link":"https:\/\/www.deporteseli.com\/?product=boxer-adidas","title":{"rendered":"BOXER ADIDAS"},"content":{"rendered":"<p>DESL\u00cdZATE C\u00d3MODAMENTE POR EL AGUA  Cambia tu rutina de entrenamiento por un d\u00eda y l\u00e1nzate a la piscina. Este ba\u00f1ador tipo b\u00f3xer de adidas se ha confeccionado en un tejido suave que resiste los efectos del cloro. Ponte las gafas y descubre cu\u00e1ntos largos puedes hacer.    Este producto se ha fabricado con diferentes materiales t\u00e9cnicos y contiene al menos un 70% de material reciclado. Su objetivo es plantear otra soluci\u00f3n m\u00e1s que ayude a eliminar los residuos pl\u00e1sticos.  Corte cl\u00e1sico  Cintura el\u00e1stica con cord\u00f3n interior  78% nailon (reciclado) \/ 22% elast\u00e1n  Tacto suave  Tejido Infinitex Fitness Eco resistente al cloro  Entrepierna forrada  Color del art\u00edculo: Dark Blue \/ White  N\u00famero de art\u00edculo: IU1878                                                                                                                                                                                                                                                                                                                                                                                                                                                                                                                                                                                                                                                                                                                                                                                                                                                                                                                                                                                                                                        <\/p>\n","protected":false},"excerpt":{"rendered":"<p>BOXER ADIDAS<\/p>\n","protected":false},"featured_media":58482,"template":"","meta":[],"product_brand":[],"product_cat":[246],"product_tag":[18],"class_list":{"0":"post-45683","1":"product","2":"type-product","3":"status-publish","4":"has-post-thumbnail","6":"product_cat-hombre_textil_banadores","7":"product_tag-adidas","8":"pa_color-unico","9":"pa_talla-m","10":"pa_talla-s","11":"thunk-woo-product-list","12":"opn-qv-enable","13":"open-woo-hover-","14":"open-single-product-tab-horizontal","15":"open-shadow-","16":"open-shadow-hover-","18":"first","19":"instock","20":"shipping-taxable","21":"purchasable","22":"product-type-variable"},"jetpack_sharing_enabled":true,"_links":{"self":[{"href":"https:\/\/www.deporteseli.com\/index.php?rest_route=\/wp\/v2\/product\/45683","targetHints":{"allow":["GET"]}}],"collection":[{"href":"https:\/\/www.deporteseli.com\/index.php?rest_route=\/wp\/v2\/product"}],"about":[{"href":"https:\/\/www.deporteseli.com\/index.php?rest_route=\/wp\/v2\/types\/product"}],"wp:featuredmedia":[{"embeddable":true,"href":"https:\/\/www.deporteseli.com\/index.php?rest_route=\/wp\/v2\/media\/58482"}],"wp:attachment":[{"href":"https:\/\/www.deporteseli.com\/index.php?rest_route=%2Fwp%2Fv2%2Fmedia&parent=45683"}],"wp:term":[{"taxonomy":"product_brand","embeddable":true,"href":"https:\/\/www.deporteseli.com\/index.php?rest_route=%2Fwp%2Fv2%2Fproduct_brand&post=45683"},{"taxonomy":"product_cat","embeddable":true,"href":"https:\/\/www.deporteseli.com\/index.php?rest_route=%2Fwp%2Fv2%2Fproduct_cat&post=45683"},{"taxonomy":"product_tag","embeddable":true,"href":"https:\/\/www.deporteseli.com\/index.php?rest_route=%2Fwp%2Fv2%2Fproduct_tag&post=45683"}],"curies":[{"name":"wp","href":"https:\/\/api.w.org\/{rel}","templated":true}]}}