{"id":45668,"date":"2026-01-27T20:56:44","date_gmt":"2026-01-27T20:56:44","guid":{"rendered":"https:\/\/www.deporteseli.com\/?product=polo-champion-220897"},"modified":"2026-04-06T16:36:54","modified_gmt":"2026-04-06T16:36:54","slug":"polo-champion-220897","status":"publish","type":"product","link":"https:\/\/www.deporteseli.com\/?product=polo-champion-220897","title":{"rendered":"POLO CHAMPION 220897"},"content":{"rendered":"<p>Descripci\u00f3n  Descubre el Polo Champion para hombre en un elegante color beige. Este polo est\u00e1 confeccionado en piqu\u00e9 de algod\u00f3n ligero, lo que garantiza una sensaci\u00f3n suave y transpirable en todo momento. Su dise\u00f1o exclusivo ofrece un ajuste c\u00f3modo ideal para diversas ocasiones.  Este polo cuenta con un cl\u00e1sico cuello tipo polo y botones, a\u00f1adiendo un toque de estilo y versatilidad a tu armario. Perfecto para combinar con jeans o pantalones cortos, el Polo Champion es una elecci\u00f3n perfecta para el verano.  Si buscas moda y comodidad, no dejes pasar la oportunidad de lucir este polo beige. Es ideal para quienes aprecian la calidad y el estilo en su vestimenta diaria. No dudes en adquirirlo y actualiza tu guardarropa con una prenda que no pasar\u00e1 desapercibida.    Caracter\u00edsticas  Polo  Confeccionado en piqu\u00e9 de algod\u00f3n ligero  Dise\u00f1o presenta un ajuste c\u00f3modo  Cuello polo y botones                                                                                                                                                                                                                                                                                                                                                                                                                                                                                                                                                                                                                                                                                                                                                                                                                                                                                                                                                                                                                                        <\/p>\n","protected":false},"excerpt":{"rendered":"<p>POLO CHAMPION 220897<\/p>\n","protected":false},"featured_media":58465,"template":"","meta":[],"product_brand":[],"product_cat":[245],"product_tag":[51],"class_list":{"0":"post-45668","1":"product","2":"type-product","3":"status-publish","4":"has-post-thumbnail","6":"product_cat-hombre_textil_camisetas","7":"product_tag-champion","8":"pa_color-unico","9":"pa_talla-l","10":"pa_talla-m","11":"pa_talla-xl","12":"pa_talla-xxl","13":"thunk-woo-product-list","14":"opn-qv-enable","15":"open-woo-hover-","16":"open-single-product-tab-horizontal","17":"open-shadow-","18":"open-shadow-hover-","20":"first","21":"instock","22":"shipping-taxable","23":"purchasable","24":"product-type-variable"},"jetpack_sharing_enabled":true,"_links":{"self":[{"href":"https:\/\/www.deporteseli.com\/index.php?rest_route=\/wp\/v2\/product\/45668","targetHints":{"allow":["GET"]}}],"collection":[{"href":"https:\/\/www.deporteseli.com\/index.php?rest_route=\/wp\/v2\/product"}],"about":[{"href":"https:\/\/www.deporteseli.com\/index.php?rest_route=\/wp\/v2\/types\/product"}],"wp:featuredmedia":[{"embeddable":true,"href":"https:\/\/www.deporteseli.com\/index.php?rest_route=\/wp\/v2\/media\/58465"}],"wp:attachment":[{"href":"https:\/\/www.deporteseli.com\/index.php?rest_route=%2Fwp%2Fv2%2Fmedia&parent=45668"}],"wp:term":[{"taxonomy":"product_brand","embeddable":true,"href":"https:\/\/www.deporteseli.com\/index.php?rest_route=%2Fwp%2Fv2%2Fproduct_brand&post=45668"},{"taxonomy":"product_cat","embeddable":true,"href":"https:\/\/www.deporteseli.com\/index.php?rest_route=%2Fwp%2Fv2%2Fproduct_cat&post=45668"},{"taxonomy":"product_tag","embeddable":true,"href":"https:\/\/www.deporteseli.com\/index.php?rest_route=%2Fwp%2Fv2%2Fproduct_tag&post=45668"}],"curies":[{"name":"wp","href":"https:\/\/api.w.org\/{rel}","templated":true}]}}