{"id":45655,"date":"2026-01-27T20:56:24","date_gmt":"2026-01-27T20:56:24","guid":{"rendered":"https:\/\/www.deporteseli.com\/?product=tenis-reebok-100209181"},"modified":"2026-01-27T20:56:31","modified_gmt":"2026-01-27T20:56:31","slug":"tenis-reebok-100209181","status":"publish","type":"product","link":"https:\/\/www.deporteseli.com\/?product=tenis-reebok-100209181","title":{"rendered":"TENIS REEBOK 100209181"},"content":{"rendered":"<p>ZAPATILLAS RUNNING RESISTENTES PARA NI\u00d1OS CON MUCHA ENERG\u00cdA    Estas zapatillas Reebok son perfectas para ni\u00f1os con energ\u00eda inagotable. La tira ajustable asegura los cordones el\u00e1sticos para que las zapatillas permanezcan bien sujetas, mientras que el bucle en el tal\u00f3n hace que sean muy f\u00e1ciles de poner y quitar. Una suela resistente proporciona la tracci\u00f3n necesaria para que d\u00e9 sus primeros pasos.                                                                                                                                                                                                                                                                                                                                                                                                                                                                                                                                                                                                                                                                                                                                                                                                                                                                                                                                                                                                                                        <\/p>\n","protected":false},"excerpt":{"rendered":"<p>TENIS REEBOK 100209181<\/p>\n","protected":false},"featured_media":58456,"template":"","meta":[],"product_brand":[],"product_cat":[308],"product_tag":[41],"class_list":{"0":"post-45655","1":"product","2":"type-product","3":"status-publish","4":"has-post-thumbnail","6":"product_cat-nino_calzado_running","7":"product_tag-reebok","8":"pa_color-unico","9":"pa_talla-127","10":"pa_talla-129","11":"pa_talla-131","12":"pa_talla-133","13":"pa_talla-137","14":"thunk-woo-product-list","15":"opn-qv-enable","16":"open-woo-hover-","17":"open-single-product-tab-horizontal","18":"open-shadow-","19":"open-shadow-hover-","21":"first","22":"instock","23":"sale","24":"shipping-taxable","25":"purchasable","26":"product-type-variable"},"jetpack_sharing_enabled":true,"_links":{"self":[{"href":"https:\/\/www.deporteseli.com\/index.php?rest_route=\/wp\/v2\/product\/45655","targetHints":{"allow":["GET"]}}],"collection":[{"href":"https:\/\/www.deporteseli.com\/index.php?rest_route=\/wp\/v2\/product"}],"about":[{"href":"https:\/\/www.deporteseli.com\/index.php?rest_route=\/wp\/v2\/types\/product"}],"wp:featuredmedia":[{"embeddable":true,"href":"https:\/\/www.deporteseli.com\/index.php?rest_route=\/wp\/v2\/media\/58456"}],"wp:attachment":[{"href":"https:\/\/www.deporteseli.com\/index.php?rest_route=%2Fwp%2Fv2%2Fmedia&parent=45655"}],"wp:term":[{"taxonomy":"product_brand","embeddable":true,"href":"https:\/\/www.deporteseli.com\/index.php?rest_route=%2Fwp%2Fv2%2Fproduct_brand&post=45655"},{"taxonomy":"product_cat","embeddable":true,"href":"https:\/\/www.deporteseli.com\/index.php?rest_route=%2Fwp%2Fv2%2Fproduct_cat&post=45655"},{"taxonomy":"product_tag","embeddable":true,"href":"https:\/\/www.deporteseli.com\/index.php?rest_route=%2Fwp%2Fv2%2Fproduct_tag&post=45655"}],"curies":[{"name":"wp","href":"https:\/\/api.w.org\/{rel}","templated":true}]}}