{"id":45587,"date":"2026-01-27T20:54:44","date_gmt":"2026-01-27T20:54:44","guid":{"rendered":"https:\/\/www.deporteseli.com\/?product=cholas-adidas-ef1730"},"modified":"2026-04-18T04:18:50","modified_gmt":"2026-04-18T04:18:50","slug":"cholas-adidas-ef1730","status":"publish","type":"product","link":"https:\/\/www.deporteseli.com\/?product=cholas-adidas-ef1730","title":{"rendered":"CHOLAS ADIDAS EF1730"},"content":{"rendered":"<p>DESCRIPCI\u00d3N  Rel\u00e1jate despu\u00e9s de la sesi\u00f3n de piscina con esta chancla ideal para la ducha. Su dise\u00f1o sencillo muestra el aut\u00e9ntico legado de adidas con las emblem\u00e1ticas 3 bandas. Incorpora una mediasuela c\u00f3moda y suave que reconforta los pies cansados.                                                                                                                                                                                                                                                                                                                                                                                                                                                                                                                                                                                                                                                                                                                                                                                                                                                                                                                                                                                                                                        <\/p>\n","protected":false},"excerpt":{"rendered":"<p>CHOLAS ADIDAS EF1730<\/p>\n","protected":false},"featured_media":58391,"template":"","meta":[],"product_brand":[],"product_cat":[265],"product_tag":[18],"class_list":{"0":"post-45587","1":"product","2":"type-product","3":"status-publish","4":"has-post-thumbnail","6":"product_cat-hombre_calzado_cholas","7":"product_tag-adidas","8":"pa_color-unico","9":"pa_talla-143","10":"pa_talla-145","11":"pa_talla-147","12":"pa_talla-40-5","13":"pa_talla-153","14":"pa_talla-155","15":"pa_talla-44-5","16":"pa_talla-161","17":"pa_talla-163","18":"thunk-woo-product-list","19":"opn-qv-enable","20":"open-woo-hover-","21":"open-single-product-tab-horizontal","22":"open-shadow-","23":"open-shadow-hover-","25":"first","26":"instock","27":"shipping-taxable","28":"purchasable","29":"product-type-variable"},"jetpack_sharing_enabled":true,"_links":{"self":[{"href":"https:\/\/www.deporteseli.com\/index.php?rest_route=\/wp\/v2\/product\/45587","targetHints":{"allow":["GET"]}}],"collection":[{"href":"https:\/\/www.deporteseli.com\/index.php?rest_route=\/wp\/v2\/product"}],"about":[{"href":"https:\/\/www.deporteseli.com\/index.php?rest_route=\/wp\/v2\/types\/product"}],"wp:featuredmedia":[{"embeddable":true,"href":"https:\/\/www.deporteseli.com\/index.php?rest_route=\/wp\/v2\/media\/58391"}],"wp:attachment":[{"href":"https:\/\/www.deporteseli.com\/index.php?rest_route=%2Fwp%2Fv2%2Fmedia&parent=45587"}],"wp:term":[{"taxonomy":"product_brand","embeddable":true,"href":"https:\/\/www.deporteseli.com\/index.php?rest_route=%2Fwp%2Fv2%2Fproduct_brand&post=45587"},{"taxonomy":"product_cat","embeddable":true,"href":"https:\/\/www.deporteseli.com\/index.php?rest_route=%2Fwp%2Fv2%2Fproduct_cat&post=45587"},{"taxonomy":"product_tag","embeddable":true,"href":"https:\/\/www.deporteseli.com\/index.php?rest_route=%2Fwp%2Fv2%2Fproduct_tag&post=45587"}],"curies":[{"name":"wp","href":"https:\/\/api.w.org\/{rel}","templated":true}]}}