{"id":45562,"date":"2026-01-27T20:54:05","date_gmt":"2026-01-27T20:54:05","guid":{"rendered":"https:\/\/www.deporteseli.com\/?product=wilson-defy-pro-v1-2025"},"modified":"2026-04-18T04:18:47","modified_gmt":"2026-04-18T04:18:47","slug":"wilson-defy-pro-v1-2025","status":"publish","type":"product","link":"https:\/\/www.deporteseli.com\/?product=wilson-defy-pro-v1-2025","title":{"rendered":"WILSON DEFY PRO V1 2025"},"content":{"rendered":"<p>Inicio  Palas  WILSON DEFY PRO V1 2025  SKU: 116258-P  WILSON DEFY PRO V1 2025  La pala Wilson Defy V1 Pro 2025 es una pala potente para jugadores avanzados. Con forma de diamante, carbono 15K y tecnolog\u00eda Spin\u00b2 Texture, proporciona velocidad, efectos y estabilidad en cada golpe.    249,95 \u20ac  330,00 \u20ac  Cantidad  1  A\u00f1adir al carrito   A\u00f1adir para comparar  Desde 24,82 \u20ac\/mes o 3 plazos sin coste  Pago seguro por tarjeta, Paypal, Google Pay, Apple Pay, Bizum y Waylet  Tambi\u00e9n puedes pagar a plazos c\u00f3modamente  M\u00e1s de 21.000 clientes satisfechos  30 d\u00edas para devolver el producto  Entrega en 24\/48 horas en cientos de productos  Tambi\u00e9n te puede interesar    WILSON DEFY V1 2025  WILSON DEFY V1 2025  279.95\u20ac  SIUX FENIX PRO 5 2025  SIUX FENIX PRO 5 2025  294.95\u20ac  324.95\u20ac  PROTECTOR ADIDAS ANTISHOCK TAPE TRANSPARENTE  PROTECTOR ADIDAS ANTISHOCK TAPE TRANSPARENTE  7.95\u20ac  9.95\u20ac  WILSON DEFY LS V1 2025  WILSON DEFY LS V1 2025  229.95\u20ac     Skip to the end of the images gallery  -24%  Novedad  Skip to the beginning of the images gallery  Caracter\u00edsticas  Descripci\u00f3n  Wilson Defy Pro V1 2025, m\u00e1xima potencia y velocidad en cada golpe  La Defy V1 Pro es una raqueta de p\u00e1del de alto rendimiento dise\u00f1ada para jugadores avanzados y profesionales que buscan potencia y precisi\u00f3n. Su forma de diamante y balance alto maximiza la pegada y aumenta la potencia en cada golpe, mientras que su peso de 370 gramos brinda estabilidad en golpes agresivos. Gracias a su construcci\u00f3n con carbono 15K y espuma Power Foam, se consigue una combinaci\u00f3n excepcional de rigidez y respuesta explosiva.    Pala Defy PRO V1, jugadores agresivos y de ataque  Si eres un jugador de p\u00e1del de nivel avanzado y tu estilo de juego se basa en dominar la red y ejecutar remates potentes, esta pala Wilson diamante est\u00e1 hecha para ti. Su dise\u00f1o aerodin\u00e1mico con Aeroexact Design permite movimientos r\u00e1pidos y fluidos, mientras que el patr\u00f3n de agujeros Duo Grid mejora el control y los efectos, brindando mayor versatilidad en cada punto. Destacar\u00e1s en golpes explosivos llenos de potencia y efecto.    Tecnolog\u00edas y caracter\u00edsticas  Planos: Fibra de Carbono 15K para mayor solidez, estabilidad y durabilidad  N\u00facleo: Goma Power Foam para una salida de bola optimizada  Construcci\u00f3n tubular C2: Estructura de carbono con un grosor uniforme que incrementa la durabilidad y el control  Spin Texture: Superficie texturizada para mejorar los efectos y generar mayor rotaci\u00f3n en la pelota  Sharp Hole: Tecnolog\u00eda de perforaci\u00f3n avanzada que potencia los golpes y optimiza la precisi\u00f3n  Shock Shield Grip: Agarre m\u00e1s seguro, sensaci\u00f3n m\u00e1s suave y confort amortiguado  Aeroexact Design: Agiliza e incrementa la velocidad de la aerodin\u00e1mica de la pala                                                                                                                                                                                                                                                                                                                                                                                                                                                                                                                                                                                                                                                                                                                                                                                                                                                                                                                                                                                                                                        <\/p>\n","protected":false},"excerpt":{"rendered":"<p>WILSON DEFY PRO V1 2025<\/p>\n","protected":false},"featured_media":58358,"template":"","meta":[],"product_brand":[],"product_cat":[353],"product_tag":[57],"class_list":{"0":"post-45562","1":"product","2":"type-product","3":"status-publish","4":"has-post-thumbnail","6":"product_cat-padel_y_tenis_palas","7":"product_tag-wilson","8":"pa_color-unico","9":"pa_talla-unica","10":"thunk-woo-product-list","11":"opn-qv-enable","12":"open-woo-hover-","13":"open-single-product-tab-horizontal","14":"open-shadow-","15":"open-shadow-hover-","17":"first","18":"instock","19":"sale","20":"shipping-taxable","21":"purchasable","22":"product-type-variable"},"jetpack_sharing_enabled":true,"_links":{"self":[{"href":"https:\/\/www.deporteseli.com\/index.php?rest_route=\/wp\/v2\/product\/45562","targetHints":{"allow":["GET"]}}],"collection":[{"href":"https:\/\/www.deporteseli.com\/index.php?rest_route=\/wp\/v2\/product"}],"about":[{"href":"https:\/\/www.deporteseli.com\/index.php?rest_route=\/wp\/v2\/types\/product"}],"wp:featuredmedia":[{"embeddable":true,"href":"https:\/\/www.deporteseli.com\/index.php?rest_route=\/wp\/v2\/media\/58358"}],"wp:attachment":[{"href":"https:\/\/www.deporteseli.com\/index.php?rest_route=%2Fwp%2Fv2%2Fmedia&parent=45562"}],"wp:term":[{"taxonomy":"product_brand","embeddable":true,"href":"https:\/\/www.deporteseli.com\/index.php?rest_route=%2Fwp%2Fv2%2Fproduct_brand&post=45562"},{"taxonomy":"product_cat","embeddable":true,"href":"https:\/\/www.deporteseli.com\/index.php?rest_route=%2Fwp%2Fv2%2Fproduct_cat&post=45562"},{"taxonomy":"product_tag","embeddable":true,"href":"https:\/\/www.deporteseli.com\/index.php?rest_route=%2Fwp%2Fv2%2Fproduct_tag&post=45562"}],"curies":[{"name":"wp","href":"https:\/\/api.w.org\/{rel}","templated":true}]}}