{"id":45413,"date":"2026-01-27T20:50:26","date_gmt":"2026-01-27T20:50:26","guid":{"rendered":"https:\/\/www.deporteseli.com\/?product=camisa-fila-cailan-0430"},"modified":"2026-03-10T05:22:36","modified_gmt":"2026-03-10T05:22:36","slug":"camisa-fila-cailan-0430","status":"publish","type":"product","link":"https:\/\/www.deporteseli.com\/?product=camisa-fila-cailan-0430","title":{"rendered":"CAMISA FILA CAILAN-0430"},"content":{"rendered":"<p>Descubre la camiseta  Fila Cailan, dise\u00f1ada para ofrecerte la m\u00e1xima comodidad y frescura durante cada partido. Fabricada con una malla suave y transpirable, permite a los peque\u00f1os jugadores moverse libremente y mantenerse secos, incluso en los d\u00edas m\u00e1s calurosos.    Detalles:  Cuello redondo con perfil interno  Logotipo de silicona de Fila  Ajuste regular  Tejido: 100% poli\u00e9ster reciclado                                                                                                                                                                                                                                                                                                                                                                                                                                                                                                                                                                                                                                                                                                                                                                                                                                                                                                                                                                                                                                        <\/p>\n","protected":false},"excerpt":{"rendered":"<p>CAMISA FILA CAILAN-0430<\/p>\n","protected":false},"featured_media":58225,"template":"","meta":[],"product_brand":[],"product_cat":[245],"product_tag":[46],"class_list":{"0":"post-45413","1":"product","2":"type-product","3":"status-publish","4":"has-post-thumbnail","6":"product_cat-hombre_textil_camisetas","7":"product_tag-fila","8":"pa_color-unico","9":"pa_talla-l","10":"pa_talla-xl","11":"thunk-woo-product-list","12":"opn-qv-enable","13":"open-woo-hover-","14":"open-single-product-tab-horizontal","15":"open-shadow-","16":"open-shadow-hover-","18":"first","19":"instock","20":"shipping-taxable","21":"purchasable","22":"product-type-variable"},"jetpack_sharing_enabled":true,"_links":{"self":[{"href":"https:\/\/www.deporteseli.com\/index.php?rest_route=\/wp\/v2\/product\/45413","targetHints":{"allow":["GET"]}}],"collection":[{"href":"https:\/\/www.deporteseli.com\/index.php?rest_route=\/wp\/v2\/product"}],"about":[{"href":"https:\/\/www.deporteseli.com\/index.php?rest_route=\/wp\/v2\/types\/product"}],"wp:featuredmedia":[{"embeddable":true,"href":"https:\/\/www.deporteseli.com\/index.php?rest_route=\/wp\/v2\/media\/58225"}],"wp:attachment":[{"href":"https:\/\/www.deporteseli.com\/index.php?rest_route=%2Fwp%2Fv2%2Fmedia&parent=45413"}],"wp:term":[{"taxonomy":"product_brand","embeddable":true,"href":"https:\/\/www.deporteseli.com\/index.php?rest_route=%2Fwp%2Fv2%2Fproduct_brand&post=45413"},{"taxonomy":"product_cat","embeddable":true,"href":"https:\/\/www.deporteseli.com\/index.php?rest_route=%2Fwp%2Fv2%2Fproduct_cat&post=45413"},{"taxonomy":"product_tag","embeddable":true,"href":"https:\/\/www.deporteseli.com\/index.php?rest_route=%2Fwp%2Fv2%2Fproduct_tag&post=45413"}],"curies":[{"name":"wp","href":"https:\/\/api.w.org\/{rel}","templated":true}]}}