{"id":45388,"date":"2026-01-27T20:49:45","date_gmt":"2026-01-27T20:49:45","guid":{"rendered":"https:\/\/www.deporteseli.com\/?product=zapatillas-casual-ginkana-jr-24-junior-blanco"},"modified":"2026-03-18T05:19:06","modified_gmt":"2026-03-18T05:19:06","slug":"zapatillas-casual-ginkana-jr-24-junior-blanco","status":"publish","type":"product","link":"https:\/\/www.deporteseli.com\/?product=zapatillas-casual-ginkana-jr-24-junior-blanco","title":{"rendered":"ZAPATILLAS CASUAL GINKANA JR 24 JUNIOR BLANCO"},"content":{"rendered":"<p>Zapatillas escolares para ni\u00f1o\/ni\u00f1a. Este nuevo modelo de deportivas de tiempo libre es perfecto para el cole y para cualquier actividad diaria. La comodidad y la durabilidad acompa\u00f1an a un dise\u00f1o sencillo y atemporal, muy adecuado tambi\u00e9n si usan uniforme.    El corte est\u00e1 fabricado con piel sint\u00e9tica. Se les ha aplicado la tecnolog\u00eda VTS, que consiste en unas peque\u00f1as perforaciones en el corte para permitir la entrada y salida de aire y optimizar as\u00ed la ventilaci\u00f3n del sudor.                                                                                                                                                                                                                                                                                                                                                                                                                                                                                                                                                                                                                                                                                                                                                                                                                                                                                                                                                                                                                                        <\/p>\n","protected":false},"excerpt":{"rendered":"<p>ZAPATILLAS CASUAL GINKANA JR 24 JUNIOR BLANCO<\/p>\n","protected":false},"featured_media":58218,"template":"","meta":[],"product_brand":[],"product_cat":[310],"product_tag":[31],"class_list":{"0":"post-45388","1":"product","2":"type-product","3":"status-publish","4":"has-post-thumbnail","6":"product_cat-nino_calzado_casual","7":"product_tag-joma","8":"pa_color-unico","9":"pa_talla-115","10":"pa_talla-117","11":"pa_talla-119","12":"pa_talla-121","13":"pa_talla-123","14":"pa_talla-125","15":"pa_talla-127","16":"pa_talla-129","17":"pa_talla-131","18":"pa_talla-133","19":"pa_talla-135","20":"pa_talla-137","21":"pa_talla-139","22":"pa_talla-143","23":"pa_talla-145","24":"pa_talla-147","25":"thunk-woo-product-list","26":"opn-qv-enable","27":"open-woo-hover-","28":"open-single-product-tab-horizontal","29":"open-shadow-","30":"open-shadow-hover-","32":"first","33":"instock","34":"shipping-taxable","35":"purchasable","36":"product-type-variable"},"jetpack_sharing_enabled":true,"_links":{"self":[{"href":"https:\/\/www.deporteseli.com\/index.php?rest_route=\/wp\/v2\/product\/45388","targetHints":{"allow":["GET"]}}],"collection":[{"href":"https:\/\/www.deporteseli.com\/index.php?rest_route=\/wp\/v2\/product"}],"about":[{"href":"https:\/\/www.deporteseli.com\/index.php?rest_route=\/wp\/v2\/types\/product"}],"wp:featuredmedia":[{"embeddable":true,"href":"https:\/\/www.deporteseli.com\/index.php?rest_route=\/wp\/v2\/media\/58218"}],"wp:attachment":[{"href":"https:\/\/www.deporteseli.com\/index.php?rest_route=%2Fwp%2Fv2%2Fmedia&parent=45388"}],"wp:term":[{"taxonomy":"product_brand","embeddable":true,"href":"https:\/\/www.deporteseli.com\/index.php?rest_route=%2Fwp%2Fv2%2Fproduct_brand&post=45388"},{"taxonomy":"product_cat","embeddable":true,"href":"https:\/\/www.deporteseli.com\/index.php?rest_route=%2Fwp%2Fv2%2Fproduct_cat&post=45388"},{"taxonomy":"product_tag","embeddable":true,"href":"https:\/\/www.deporteseli.com\/index.php?rest_route=%2Fwp%2Fv2%2Fproduct_tag&post=45388"}],"curies":[{"name":"wp","href":"https:\/\/api.w.org\/{rel}","templated":true}]}}