{"id":45241,"date":"2026-01-27T20:46:18","date_gmt":"2026-01-27T20:46:18","guid":{"rendered":"https:\/\/www.deporteseli.com\/?product=zapatilla-vl-court-3-0-skateboarding"},"modified":"2026-02-16T07:55:49","modified_gmt":"2026-02-16T07:55:49","slug":"zapatilla-vl-court-3-0-skateboarding","status":"publish","type":"product","link":"https:\/\/www.deporteseli.com\/?product=zapatilla-vl-court-3-0-skateboarding","title":{"rendered":"ZAPATILLA VL COURT 3.0 SKATEBOARDING"},"content":{"rendered":"<p>SU ESTILO, SUS REGLAS  Esta zapatilla adidas para peques imparables se ha dise\u00f1ado para acompa\u00f1arle en sus aventuras diarias. Ya sea para montar en bici o jugar en el parque, su silueta inspirada en el estilo del skate es una elecci\u00f3n perfecta. Presenta un empeine de piel sint\u00e9tica con una puntera de ante suave que ofrece mayor resistencia al desgaste, adem\u00e1s de correas autoadherentes para poner y quitar f\u00e1cilmente cuando llegue la hora de la siesta.  Horma cl\u00e1sica  Cierre con correas autoadherentes  Empeine de piel sint\u00e9tica  Forro textil  Puntera de ante  Suela de goma  Color del art\u00edculo: Cloud White \/ Core Black \/ Grey One  N\u00famero de art\u00edculo: ID9157                                                                                                                                                                                                                                                                                                                                                                                                                                                                                                                                                                                                                                                                                                                                                                                                                                                                                                                                                                                                                                        <\/p>\n","protected":false},"excerpt":{"rendered":"<p>ZAPATILLA VL COURT 3.0 SKATEBOARDING<\/p>\n","protected":false},"featured_media":58151,"template":"","meta":[],"product_brand":[],"product_cat":[310],"product_tag":[18],"class_list":{"0":"post-45241","1":"product","2":"type-product","3":"status-publish","4":"has-post-thumbnail","6":"product_cat-nino_calzado_casual","7":"product_tag-adidas","8":"pa_color-unico","9":"pa_talla-113","10":"pa_talla-115","11":"pa_talla-117","12":"pa_talla-119","13":"pa_talla-121","14":"pa_talla-123","15":"pa_talla-t-21","16":"thunk-woo-product-list","17":"opn-qv-enable","18":"open-woo-hover-","19":"open-single-product-tab-horizontal","20":"open-shadow-","21":"open-shadow-hover-","23":"first","24":"instock","25":"sale","26":"shipping-taxable","27":"purchasable","28":"product-type-variable"},"jetpack_sharing_enabled":true,"_links":{"self":[{"href":"https:\/\/www.deporteseli.com\/index.php?rest_route=\/wp\/v2\/product\/45241","targetHints":{"allow":["GET"]}}],"collection":[{"href":"https:\/\/www.deporteseli.com\/index.php?rest_route=\/wp\/v2\/product"}],"about":[{"href":"https:\/\/www.deporteseli.com\/index.php?rest_route=\/wp\/v2\/types\/product"}],"wp:featuredmedia":[{"embeddable":true,"href":"https:\/\/www.deporteseli.com\/index.php?rest_route=\/wp\/v2\/media\/58151"}],"wp:attachment":[{"href":"https:\/\/www.deporteseli.com\/index.php?rest_route=%2Fwp%2Fv2%2Fmedia&parent=45241"}],"wp:term":[{"taxonomy":"product_brand","embeddable":true,"href":"https:\/\/www.deporteseli.com\/index.php?rest_route=%2Fwp%2Fv2%2Fproduct_brand&post=45241"},{"taxonomy":"product_cat","embeddable":true,"href":"https:\/\/www.deporteseli.com\/index.php?rest_route=%2Fwp%2Fv2%2Fproduct_cat&post=45241"},{"taxonomy":"product_tag","embeddable":true,"href":"https:\/\/www.deporteseli.com\/index.php?rest_route=%2Fwp%2Fv2%2Fproduct_tag&post=45241"}],"curies":[{"name":"wp","href":"https:\/\/api.w.org\/{rel}","templated":true}]}}