{"id":45132,"date":"2026-01-27T20:43:39","date_gmt":"2026-01-27T20:43:39","guid":{"rendered":"https:\/\/www.deporteseli.com\/?product=tenis-tensaur-tira-ajustable-de-cierre"},"modified":"2026-01-27T20:43:44","modified_gmt":"2026-01-27T20:43:44","slug":"tenis-tensaur-tira-ajustable-de-cierre","status":"publish","type":"product","link":"https:\/\/www.deporteseli.com\/?product=tenis-tensaur-tira-ajustable-de-cierre","title":{"rendered":"TENIS TENSAUR TIRA AJUSTABLE DE CIERRE"},"content":{"rendered":"<p>TENIS TENSAUR TIRA AJUSTABLE DE CIERRE POR CONTACTO  TENIS RESISTENTES PARA TODAS TUS AVENTURAS, HECHOS PARCIALMENTE CON MATERIAL RECICLADO  Cuando eres peque\u00f1o, todas las superficies necesitan ser exploradas, desde la alfombra esponjosa hasta el rinc\u00f3n m\u00e1s lejano del jard\u00edn. Estos tenis adidas resistentes para beb\u00e9 tienen tiras regulables de cierre por contacto para mantenerlos en su lugar. La suela de caucho no deja marcas negras, algo indispensable para cuando tu peque descubra los pisos de madera. La parte superior contiene al menos un 50% de materiales reciclados. Este producto representa solo una de nuestras soluciones para ayudar a poner fin a los residuos pl\u00e1sticos.  Ajuste cl\u00e1sico  Tira ajustable de cierre por contacto  Parte superior de cuero sint\u00e9tico  Forro interno textil  Suela de caucho que no marca las superficies  La parte superior contiene al menos un 50% de material reciclado  C\u00f3digo del producto : JH9532                                                                                                                                                                                                                                                                                                                                                                                                                                                                                                                                                                                                                                                                                                                                                                                                                                                                                                                                                                                                                                        <\/p>\n","protected":false},"excerpt":{"rendered":"<p>TENIS TENSAUR TIRA AJUSTABLE DE CIERRE<\/p>\n","protected":false},"featured_media":58052,"template":"","meta":[],"product_brand":[],"product_cat":[392],"product_tag":[18],"class_list":{"0":"post-45132","1":"product","2":"type-product","3":"status-publish","4":"has-post-thumbnail","6":"product_cat-ninas_calzado_casual","7":"product_tag-adidas","8":"pa_color-unico","9":"pa_talla-117","10":"pa_talla-119","11":"pa_talla-121","12":"pa_talla-t-21","13":"thunk-woo-product-list","14":"opn-qv-enable","15":"open-woo-hover-","16":"open-single-product-tab-horizontal","17":"open-shadow-","18":"open-shadow-hover-","20":"first","21":"instock","22":"sale","23":"shipping-taxable","24":"purchasable","25":"product-type-variable"},"jetpack_sharing_enabled":true,"_links":{"self":[{"href":"https:\/\/www.deporteseli.com\/index.php?rest_route=\/wp\/v2\/product\/45132","targetHints":{"allow":["GET"]}}],"collection":[{"href":"https:\/\/www.deporteseli.com\/index.php?rest_route=\/wp\/v2\/product"}],"about":[{"href":"https:\/\/www.deporteseli.com\/index.php?rest_route=\/wp\/v2\/types\/product"}],"wp:featuredmedia":[{"embeddable":true,"href":"https:\/\/www.deporteseli.com\/index.php?rest_route=\/wp\/v2\/media\/58052"}],"wp:attachment":[{"href":"https:\/\/www.deporteseli.com\/index.php?rest_route=%2Fwp%2Fv2%2Fmedia&parent=45132"}],"wp:term":[{"taxonomy":"product_brand","embeddable":true,"href":"https:\/\/www.deporteseli.com\/index.php?rest_route=%2Fwp%2Fv2%2Fproduct_brand&post=45132"},{"taxonomy":"product_cat","embeddable":true,"href":"https:\/\/www.deporteseli.com\/index.php?rest_route=%2Fwp%2Fv2%2Fproduct_cat&post=45132"},{"taxonomy":"product_tag","embeddable":true,"href":"https:\/\/www.deporteseli.com\/index.php?rest_route=%2Fwp%2Fv2%2Fproduct_tag&post=45132"}],"curies":[{"name":"wp","href":"https:\/\/api.w.org\/{rel}","templated":true}]}}