{"id":45036,"date":"2026-01-27T20:41:20","date_gmt":"2026-01-27T20:41:20","guid":{"rendered":"https:\/\/www.deporteseli.com\/?product=set-adidas-jc9723"},"modified":"2026-03-07T06:19:16","modified_gmt":"2026-03-07T06:19:16","slug":"set-adidas-jc9723","status":"publish","type":"product","link":"https:\/\/www.deporteseli.com\/?product=set-adidas-jc9723","title":{"rendered":"SET ADIDAS JC9723"},"content":{"rendered":"<p>Conjunto Ni\u00f1o\/a Adidas Essentials Tee Set JC9723    Cuando llegue el fin de semana, tu joven explorador estar\u00e1 listo para cualquier cosa en esta camiseta de los ni\u00f1os de adidas.    La tela suave y lisa los mantiene c\u00f3modos tanto si se dirigen a una cita de juego o simplemente relaj\u00e1ndose en casa.    Un gran logo en el frente muestra su orgullo de marca.    Ajuste regular  Crewneck  100% algod\u00f3n                                                                                                                                                                                                                                                                                                                                                                                                                                                                                                                                                                                                                                                                                                                                                                                                                                                                                                                                                                                                                                        <\/p>\n","protected":false},"excerpt":{"rendered":"<p>SET ADIDAS JC9723<\/p>\n","protected":false},"featured_media":57993,"template":"","meta":[],"product_brand":[],"product_cat":[297],"product_tag":[18],"class_list":{"0":"post-45036","1":"product","2":"type-product","3":"status-publish","4":"has-post-thumbnail","6":"product_cat-nino_textil_conjuntos","7":"product_tag-adidas","8":"pa_color-unico","9":"pa_talla-t-8","10":"thunk-woo-product-list","11":"opn-qv-enable","12":"open-woo-hover-","13":"open-single-product-tab-horizontal","14":"open-shadow-","15":"open-shadow-hover-","17":"first","18":"instock","19":"shipping-taxable","20":"purchasable","21":"product-type-variable"},"jetpack_sharing_enabled":true,"_links":{"self":[{"href":"https:\/\/www.deporteseli.com\/index.php?rest_route=\/wp\/v2\/product\/45036","targetHints":{"allow":["GET"]}}],"collection":[{"href":"https:\/\/www.deporteseli.com\/index.php?rest_route=\/wp\/v2\/product"}],"about":[{"href":"https:\/\/www.deporteseli.com\/index.php?rest_route=\/wp\/v2\/types\/product"}],"wp:featuredmedia":[{"embeddable":true,"href":"https:\/\/www.deporteseli.com\/index.php?rest_route=\/wp\/v2\/media\/57993"}],"wp:attachment":[{"href":"https:\/\/www.deporteseli.com\/index.php?rest_route=%2Fwp%2Fv2%2Fmedia&parent=45036"}],"wp:term":[{"taxonomy":"product_brand","embeddable":true,"href":"https:\/\/www.deporteseli.com\/index.php?rest_route=%2Fwp%2Fv2%2Fproduct_brand&post=45036"},{"taxonomy":"product_cat","embeddable":true,"href":"https:\/\/www.deporteseli.com\/index.php?rest_route=%2Fwp%2Fv2%2Fproduct_cat&post=45036"},{"taxonomy":"product_tag","embeddable":true,"href":"https:\/\/www.deporteseli.com\/index.php?rest_route=%2Fwp%2Fv2%2Fproduct_tag&post=45036"}],"curies":[{"name":"wp","href":"https:\/\/api.w.org\/{rel}","templated":true}]}}