{"id":45022,"date":"2026-01-27T20:40:59","date_gmt":"2026-01-27T20:40:59","guid":{"rendered":"https:\/\/www.deporteseli.com\/?product=camisa-adidas-jl6138"},"modified":"2026-04-10T15:36:44","modified_gmt":"2026-04-10T15:36:44","slug":"camisa-adidas-jl6138","status":"publish","type":"product","link":"https:\/\/www.deporteseli.com\/?product=camisa-adidas-jl6138","title":{"rendered":"CAMISA ADIDAS JL6138"},"content":{"rendered":"<p>HAZ ALARDE DE TU ESTILO DE 3 RAYAS CON ESTA CAMISETA TOTALMENTE DE ALGOD\u00d3N.  El poder del juego est\u00e1 a tu alcance. Esta camiseta gr\u00e1fica juvenil de adidas luce un atrevido gr\u00e1fico  adidas Sportswear  de estilo universitario en la parte delantera que celebra los principios del deporte. Confeccionada en suave tejido de punto liso y con un corte c\u00f3modo, es perfecta para el d\u00eda a d\u00eda. Dondequiera que te lleve la vida, esta camiseta te permite representar el poder del deporte con comodidad y estilo.  Ajuste regular  Cuello redondo  100% algod\u00f3n                                                                                                                                                                                                                                                                                                                                                                                                                                                                                                                                                                                                                                                                                                                                                                                                                                                                                                                                                                                                                                        <\/p>\n","protected":false},"excerpt":{"rendered":"<p>CAMISA ADIDAS JL6138<\/p>\n","protected":false},"featured_media":57982,"template":"","meta":[],"product_brand":[],"product_cat":[296],"product_tag":[18],"class_list":{"0":"post-45022","1":"product","2":"type-product","3":"status-publish","4":"has-post-thumbnail","6":"product_cat-nino_textil_camisetas","7":"product_tag-adidas","8":"pa_color-unico","9":"pa_talla-t-10","10":"pa_talla-t-12","11":"pa_talla-t-14","12":"pa_talla-t-16","13":"pa_talla-t-8","14":"thunk-woo-product-list","15":"opn-qv-enable","16":"open-woo-hover-","17":"open-single-product-tab-horizontal","18":"open-shadow-","19":"open-shadow-hover-","21":"first","22":"instock","23":"shipping-taxable","24":"purchasable","25":"product-type-variable"},"jetpack_sharing_enabled":true,"_links":{"self":[{"href":"https:\/\/www.deporteseli.com\/index.php?rest_route=\/wp\/v2\/product\/45022","targetHints":{"allow":["GET"]}}],"collection":[{"href":"https:\/\/www.deporteseli.com\/index.php?rest_route=\/wp\/v2\/product"}],"about":[{"href":"https:\/\/www.deporteseli.com\/index.php?rest_route=\/wp\/v2\/types\/product"}],"wp:featuredmedia":[{"embeddable":true,"href":"https:\/\/www.deporteseli.com\/index.php?rest_route=\/wp\/v2\/media\/57982"}],"wp:attachment":[{"href":"https:\/\/www.deporteseli.com\/index.php?rest_route=%2Fwp%2Fv2%2Fmedia&parent=45022"}],"wp:term":[{"taxonomy":"product_brand","embeddable":true,"href":"https:\/\/www.deporteseli.com\/index.php?rest_route=%2Fwp%2Fv2%2Fproduct_brand&post=45022"},{"taxonomy":"product_cat","embeddable":true,"href":"https:\/\/www.deporteseli.com\/index.php?rest_route=%2Fwp%2Fv2%2Fproduct_cat&post=45022"},{"taxonomy":"product_tag","embeddable":true,"href":"https:\/\/www.deporteseli.com\/index.php?rest_route=%2Fwp%2Fv2%2Fproduct_tag&post=45022"}],"curies":[{"name":"wp","href":"https:\/\/api.w.org\/{rel}","templated":true}]}}