{"id":45006,"date":"2026-01-27T20:40:37","date_gmt":"2026-01-27T20:40:37","guid":{"rendered":"https:\/\/www.deporteseli.com\/?product=conjunto-de-camiseta-essentials-para-ninos"},"modified":"2026-03-07T06:18:51","modified_gmt":"2026-03-07T06:18:51","slug":"conjunto-de-camiseta-essentials-para-ninos","status":"publish","type":"product","link":"https:\/\/www.deporteseli.com\/?product=conjunto-de-camiseta-essentials-para-ninos","title":{"rendered":"CONJUNTO DE CAMISETA ESSENTIALS PARA NI\u00f1OS"},"content":{"rendered":"<p>CONJUNTO DE CAMISETA ESSENTIALS PARA NI\u00d1OS  UN CONJUNTO DEPORTIVO FABRICADO EN PARTE CON UNA MEZCLA DE MATERIALES RECICLADOS Y RENOVABLES.  Este conjunto de shorts y camiseta adidas para j\u00f3venes es imprescindible. Tanto para salir como para relajarse en casa, su suave tejido de algod\u00f3n te mantiene c\u00f3modo. El llamativo logo de adidas le da un toque deportivo a cualquier conjunto. Comb\u00ednalo con tus zapatillas o chanclas favoritas, y este vers\u00e1til conjunto es una apuesta segura. Al optar por materiales reciclados, podemos reutilizar materiales ya creados, lo que ayuda a reducir los residuos. La elecci\u00f3n de materiales renovables nos ayuda a reducir nuestra dependencia de recursos finitos. Nuestros productos, fabricados con una mezcla de materiales reciclados y renovables, contienen al menos un 70 % de estos materiales.  Ajuste regular  Cuello redondo  100% algod\u00f3n  Pantalones cortos: bolsillos laterales  Pantalones cortos: cintura el\u00e1stica ajustable con cord\u00f3n  Contiene un m\u00ednimo de 70% de contenido reciclado y renovable.  C\u00f3digo de producto: JC9715                                                                                                                                                                                                                                                                                                                                                                                                                                                                                                                                                                                                                                                                                                                                                                                                                                                                                                                                                                                                                                        <\/p>\n","protected":false},"excerpt":{"rendered":"<p>CONJUNTO DE CAMISETA ESSENTIALS PARA NI\u00f1OS<\/p>\n","protected":false},"featured_media":57972,"template":"","meta":[],"product_brand":[],"product_cat":[297],"product_tag":[18],"class_list":{"0":"post-45006","1":"product","2":"type-product","3":"status-publish","4":"has-post-thumbnail","6":"product_cat-nino_textil_conjuntos","7":"product_tag-adidas","8":"pa_color-unico","9":"pa_talla-t-10","10":"pa_talla-t-12","11":"pa_talla-t-14","12":"pa_talla-t-16","13":"pa_talla-t-8","14":"thunk-woo-product-list","15":"opn-qv-enable","16":"open-woo-hover-","17":"open-single-product-tab-horizontal","18":"open-shadow-","19":"open-shadow-hover-","21":"first","22":"instock","23":"shipping-taxable","24":"purchasable","25":"product-type-variable"},"jetpack_sharing_enabled":true,"_links":{"self":[{"href":"https:\/\/www.deporteseli.com\/index.php?rest_route=\/wp\/v2\/product\/45006","targetHints":{"allow":["GET"]}}],"collection":[{"href":"https:\/\/www.deporteseli.com\/index.php?rest_route=\/wp\/v2\/product"}],"about":[{"href":"https:\/\/www.deporteseli.com\/index.php?rest_route=\/wp\/v2\/types\/product"}],"wp:featuredmedia":[{"embeddable":true,"href":"https:\/\/www.deporteseli.com\/index.php?rest_route=\/wp\/v2\/media\/57972"}],"wp:attachment":[{"href":"https:\/\/www.deporteseli.com\/index.php?rest_route=%2Fwp%2Fv2%2Fmedia&parent=45006"}],"wp:term":[{"taxonomy":"product_brand","embeddable":true,"href":"https:\/\/www.deporteseli.com\/index.php?rest_route=%2Fwp%2Fv2%2Fproduct_brand&post=45006"},{"taxonomy":"product_cat","embeddable":true,"href":"https:\/\/www.deporteseli.com\/index.php?rest_route=%2Fwp%2Fv2%2Fproduct_cat&post=45006"},{"taxonomy":"product_tag","embeddable":true,"href":"https:\/\/www.deporteseli.com\/index.php?rest_route=%2Fwp%2Fv2%2Fproduct_tag&post=45006"}],"curies":[{"name":"wp","href":"https:\/\/api.w.org\/{rel}","templated":true}]}}