{"id":45003,"date":"2026-01-27T20:40:32","date_gmt":"2026-01-27T20:40:32","guid":{"rendered":"https:\/\/www.deporteseli.com\/?product=camisa-adidas-jm0381"},"modified":"2026-04-14T04:18:08","modified_gmt":"2026-04-14T04:18:08","slug":"camisa-adidas-jm0381","status":"publish","type":"product","link":"https:\/\/www.deporteseli.com\/?product=camisa-adidas-jm0381","title":{"rendered":"CAMISA ADIDAS JM0381"},"content":{"rendered":"<p>Una camiseta totalmente de algod\u00f3n para los d\u00edas de estudio y los fines de semana.    Detalles del producto:  Ajuste est\u00e1ndar  Escote redondo  Ya sea que te dirijas a clases o te relajes en el patio, esta camiseta te dar\u00e1 un look de campus estadounidense. El gr\u00e1fico lineal de adidas en el frente evoca el estilo universitario ic\u00f3nico.    Fabricado en jersey suave, te mantiene c\u00f3modo desde el caf\u00e9 de la ma\u00f1ana hasta el \u00faltimo minuto de clase.                                                                                                                                                                                                                                                                                                                                                                                                                                                                                                                                                                                                                                                                                                                                                                                                                                                                                                                                                                                                                                        <\/p>\n","protected":false},"excerpt":{"rendered":"<p>CAMISA ADIDAS JM0381<\/p>\n","protected":false},"featured_media":57971,"template":"","meta":[],"product_brand":[],"product_cat":[245],"product_tag":[18],"class_list":{"0":"post-45003","1":"product","2":"type-product","3":"status-publish","4":"has-post-thumbnail","6":"product_cat-hombre_textil_camisetas","7":"product_tag-adidas","8":"pa_color-unico","9":"pa_talla-l","10":"pa_talla-xl","11":"thunk-woo-product-list","12":"opn-qv-enable","13":"open-woo-hover-","14":"open-single-product-tab-horizontal","15":"open-shadow-","16":"open-shadow-hover-","18":"first","19":"instock","20":"shipping-taxable","21":"purchasable","22":"product-type-variable"},"jetpack_sharing_enabled":true,"_links":{"self":[{"href":"https:\/\/www.deporteseli.com\/index.php?rest_route=\/wp\/v2\/product\/45003","targetHints":{"allow":["GET"]}}],"collection":[{"href":"https:\/\/www.deporteseli.com\/index.php?rest_route=\/wp\/v2\/product"}],"about":[{"href":"https:\/\/www.deporteseli.com\/index.php?rest_route=\/wp\/v2\/types\/product"}],"wp:featuredmedia":[{"embeddable":true,"href":"https:\/\/www.deporteseli.com\/index.php?rest_route=\/wp\/v2\/media\/57971"}],"wp:attachment":[{"href":"https:\/\/www.deporteseli.com\/index.php?rest_route=%2Fwp%2Fv2%2Fmedia&parent=45003"}],"wp:term":[{"taxonomy":"product_brand","embeddable":true,"href":"https:\/\/www.deporteseli.com\/index.php?rest_route=%2Fwp%2Fv2%2Fproduct_brand&post=45003"},{"taxonomy":"product_cat","embeddable":true,"href":"https:\/\/www.deporteseli.com\/index.php?rest_route=%2Fwp%2Fv2%2Fproduct_cat&post=45003"},{"taxonomy":"product_tag","embeddable":true,"href":"https:\/\/www.deporteseli.com\/index.php?rest_route=%2Fwp%2Fv2%2Fproduct_tag&post=45003"}],"curies":[{"name":"wp","href":"https:\/\/api.w.org\/{rel}","templated":true}]}}