{"id":44998,"date":"2026-01-27T20:40:25","date_gmt":"2026-01-27T20:40:25","guid":{"rendered":"https:\/\/www.deporteseli.com\/?product=set-adidas-jj5043"},"modified":"2026-03-07T06:18:42","modified_gmt":"2026-03-07T06:18:42","slug":"set-adidas-jj5043","status":"publish","type":"product","link":"https:\/\/www.deporteseli.com\/?product=set-adidas-jj5043","title":{"rendered":"SET ADIDAS JJ5043"},"content":{"rendered":"<p>Descripci\u00f3n  El conjunto de fitness adidas Jg Tr-Es 3Bandas Set para ni\u00f1a en color rosa es la elecci\u00f3n perfecta para las peque\u00f1as deportistas. Este conjunto est\u00e1 fabricado con un tejido de punto suave que proporciona un ajuste c\u00f3modo y una gran libertad de movimiento.  El dise\u00f1o incluye el ic\u00f3nico logo de adidas, lo que a\u00f1ade un toque de estilo. La tecnolog\u00eda CLIMACOOL garantiza una excelente ventilaci\u00f3n y regulaci\u00f3n de la temperatura, manteniendo a la ni\u00f1a fresca durante sus actividades.  Las mallas cortas son de secado r\u00e1pido, lo que es ideal para momentos de intensa actividad. Adem\u00e1s, la camiseta transpirable asegura que se sienta c\u00f3moda en todo momento. Este conjunto, elaborado con material reciclado, tambi\u00e9n refleja un compromiso con la sostenibilidad.  Con su atractivo color rosa y detalles en azul, el conjunto de fitness adidas Jg Tr-Es 3Bandas Set es perfecto para ni\u00f1as que buscan un look deportivo y confortable.    Caracter\u00edsticas  Tejido de punto suave  Dise\u00f1o con logo adidas  Tecnolog\u00eda CLIMACOOL  Material reciclado  Ajuste c\u00f3modo  Cintura el\u00e1stica  Mallas cortas de secado r\u00e1pido  Camiseta transpirable  Color del producto: Rosa\/Azul                                                                                                                                                                                                                                                                                                                                                                                                                                                                                                                                                                                                                                                                                                                                                                                                                                                                                                                                                                                                                                        <\/p>\n","protected":false},"excerpt":{"rendered":"<p>SET ADIDAS JJ5043<\/p>\n","protected":false},"featured_media":57968,"template":"","meta":[],"product_brand":[],"product_cat":[379],"product_tag":[18],"class_list":{"0":"post-44998","1":"product","2":"type-product","3":"status-publish","4":"has-post-thumbnail","6":"product_cat-ninas_textil_conjuntos","7":"product_tag-adidas","8":"pa_color-unico","9":"pa_talla-t-12","10":"pa_talla-t-14","11":"pa_talla-t-16","12":"pa_talla-t-6","13":"thunk-woo-product-list","14":"opn-qv-enable","15":"open-woo-hover-","16":"open-single-product-tab-horizontal","17":"open-shadow-","18":"open-shadow-hover-","20":"first","21":"instock","22":"shipping-taxable","23":"purchasable","24":"product-type-variable"},"jetpack_sharing_enabled":true,"_links":{"self":[{"href":"https:\/\/www.deporteseli.com\/index.php?rest_route=\/wp\/v2\/product\/44998","targetHints":{"allow":["GET"]}}],"collection":[{"href":"https:\/\/www.deporteseli.com\/index.php?rest_route=\/wp\/v2\/product"}],"about":[{"href":"https:\/\/www.deporteseli.com\/index.php?rest_route=\/wp\/v2\/types\/product"}],"wp:featuredmedia":[{"embeddable":true,"href":"https:\/\/www.deporteseli.com\/index.php?rest_route=\/wp\/v2\/media\/57968"}],"wp:attachment":[{"href":"https:\/\/www.deporteseli.com\/index.php?rest_route=%2Fwp%2Fv2%2Fmedia&parent=44998"}],"wp:term":[{"taxonomy":"product_brand","embeddable":true,"href":"https:\/\/www.deporteseli.com\/index.php?rest_route=%2Fwp%2Fv2%2Fproduct_brand&post=44998"},{"taxonomy":"product_cat","embeddable":true,"href":"https:\/\/www.deporteseli.com\/index.php?rest_route=%2Fwp%2Fv2%2Fproduct_cat&post=44998"},{"taxonomy":"product_tag","embeddable":true,"href":"https:\/\/www.deporteseli.com\/index.php?rest_route=%2Fwp%2Fv2%2Fproduct_tag&post=44998"}],"curies":[{"name":"wp","href":"https:\/\/api.w.org\/{rel}","templated":true}]}}