{"id":44966,"date":"2026-01-27T20:39:42","date_gmt":"2026-01-27T20:39:42","guid":{"rendered":"https:\/\/www.deporteseli.com\/?product=calcetines-tobilleros-2"},"modified":"2026-04-14T04:18:05","modified_gmt":"2026-04-14T04:18:05","slug":"calcetines-tobilleros-2","status":"publish","type":"product","link":"https:\/\/www.deporteseli.com\/?product=calcetines-tobilleros-2","title":{"rendered":"CALCETINES TOBILLEROS"},"content":{"rendered":"<p>CONFORT Y ESTILO PARA TUS PIES  Estos calcetines tobilleros adidas presentan una parte superior de canal\u00e9 que te ofrece un ajuste seguro. Se han confeccionado en un tejido suave y ligero y est\u00e1n disponibles en paquetes de tres pares. La elecci\u00f3n ideal para ampliar tu colecci\u00f3n de calcetines deportivos.    Este producto contiene al menos un 50% de materiales reciclados y renovables.  Largo hasta el tobillo  68% algod\u00f3n \/ 29% poli\u00e9ster reciclado \/ 2% elast\u00e1n \/ 1% nailon reciclado  Tejido fino y ligero  Tres pares por paquete  Pu\u00f1os de canal\u00e9  Color del art\u00edculo: Black \/ White  N\u00famero de art\u00edculo: IC1305                                                                                                                                                                                                                                                                                                                                                                                                                                                                                                                                                                                                                                                                                                                                                                                                                                                                                                                                                                                                                                        <\/p>\n","protected":false},"excerpt":{"rendered":"<p>CALCETINES TOBILLEROS<\/p>\n","protected":false},"featured_media":57946,"template":"","meta":[],"product_brand":[],"product_cat":[400],"product_tag":[18],"class_list":{"0":"post-44966","1":"product","2":"type-product","3":"status-publish","4":"has-post-thumbnail","6":"product_cat-accesorios_calcetines","7":"product_tag-adidas","8":"pa_color-unico","9":"pa_talla-27-30","10":"pa_talla-31-34","11":"pa_talla-35-38","12":"pa_talla-39-42","13":"pa_talla-43-46","14":"pa_talla-xl","15":"thunk-woo-product-list","16":"opn-qv-enable","17":"open-woo-hover-","18":"open-single-product-tab-horizontal","19":"open-shadow-","20":"open-shadow-hover-","22":"first","23":"instock","24":"shipping-taxable","25":"purchasable","26":"product-type-variable"},"jetpack_sharing_enabled":true,"_links":{"self":[{"href":"https:\/\/www.deporteseli.com\/index.php?rest_route=\/wp\/v2\/product\/44966","targetHints":{"allow":["GET"]}}],"collection":[{"href":"https:\/\/www.deporteseli.com\/index.php?rest_route=\/wp\/v2\/product"}],"about":[{"href":"https:\/\/www.deporteseli.com\/index.php?rest_route=\/wp\/v2\/types\/product"}],"wp:featuredmedia":[{"embeddable":true,"href":"https:\/\/www.deporteseli.com\/index.php?rest_route=\/wp\/v2\/media\/57946"}],"wp:attachment":[{"href":"https:\/\/www.deporteseli.com\/index.php?rest_route=%2Fwp%2Fv2%2Fmedia&parent=44966"}],"wp:term":[{"taxonomy":"product_brand","embeddable":true,"href":"https:\/\/www.deporteseli.com\/index.php?rest_route=%2Fwp%2Fv2%2Fproduct_brand&post=44966"},{"taxonomy":"product_cat","embeddable":true,"href":"https:\/\/www.deporteseli.com\/index.php?rest_route=%2Fwp%2Fv2%2Fproduct_cat&post=44966"},{"taxonomy":"product_tag","embeddable":true,"href":"https:\/\/www.deporteseli.com\/index.php?rest_route=%2Fwp%2Fv2%2Fproduct_tag&post=44966"}],"curies":[{"name":"wp","href":"https:\/\/api.w.org\/{rel}","templated":true}]}}