{"id":44909,"date":"2026-01-27T20:38:31","date_gmt":"2026-01-27T20:38:31","guid":{"rendered":"https:\/\/www.deporteseli.com\/?product=camiseta-essentials-7"},"modified":"2026-03-07T06:18:05","modified_gmt":"2026-03-07T06:18:05","slug":"camiseta-essentials-7","status":"publish","type":"product","link":"https:\/\/www.deporteseli.com\/?product=camiseta-essentials-7","title":{"rendered":"CAMISETA ESSENTIALS"},"content":{"rendered":"<p>ESENCIAL POR MUCHAS RAZONES  Esta camiseta adidas para j\u00f3venes deportistas se adapta a tu d\u00eda a d\u00eda como anillo al dedo. Se ha confeccionado en un tejido de punto suave que te ofrece una total comodidad mientras te diviertes con tus amigos o te relajas en casa. El gran logotipo de las 3 bandas en el pecho refleja tu pasi\u00f3n por adidas.  Corte cl\u00e1sico  Cuello redondo  100% algod\u00f3n  Color del art\u00edculo: White \/ Black  N\u00famero de art\u00edculo: JC9659                                                                                                                                                                                                                                                                                                                                                                                                                                                                                                                                                                                                                                                                                                                                                                                                                                                                                                                                                                                                                                        <\/p>\n","protected":false},"excerpt":{"rendered":"<p>CAMISETA ESSENTIALS<\/p>\n","protected":false},"featured_media":57898,"template":"","meta":[],"product_brand":[],"product_cat":[296],"product_tag":[18],"class_list":{"0":"post-44909","1":"product","2":"type-product","3":"status-publish","4":"has-post-thumbnail","6":"product_cat-nino_textil_camisetas","7":"product_tag-adidas","8":"pa_color-unico","9":"pa_talla-t-10","10":"pa_talla-t-12","11":"pa_talla-t-16","12":"pa_talla-t-8","13":"thunk-woo-product-list","14":"opn-qv-enable","15":"open-woo-hover-","16":"open-single-product-tab-horizontal","17":"open-shadow-","18":"open-shadow-hover-","20":"first","21":"instock","22":"shipping-taxable","23":"purchasable","24":"product-type-variable"},"jetpack_sharing_enabled":true,"_links":{"self":[{"href":"https:\/\/www.deporteseli.com\/index.php?rest_route=\/wp\/v2\/product\/44909","targetHints":{"allow":["GET"]}}],"collection":[{"href":"https:\/\/www.deporteseli.com\/index.php?rest_route=\/wp\/v2\/product"}],"about":[{"href":"https:\/\/www.deporteseli.com\/index.php?rest_route=\/wp\/v2\/types\/product"}],"wp:featuredmedia":[{"embeddable":true,"href":"https:\/\/www.deporteseli.com\/index.php?rest_route=\/wp\/v2\/media\/57898"}],"wp:attachment":[{"href":"https:\/\/www.deporteseli.com\/index.php?rest_route=%2Fwp%2Fv2%2Fmedia&parent=44909"}],"wp:term":[{"taxonomy":"product_brand","embeddable":true,"href":"https:\/\/www.deporteseli.com\/index.php?rest_route=%2Fwp%2Fv2%2Fproduct_brand&post=44909"},{"taxonomy":"product_cat","embeddable":true,"href":"https:\/\/www.deporteseli.com\/index.php?rest_route=%2Fwp%2Fv2%2Fproduct_cat&post=44909"},{"taxonomy":"product_tag","embeddable":true,"href":"https:\/\/www.deporteseli.com\/index.php?rest_route=%2Fwp%2Fv2%2Fproduct_tag&post=44909"}],"curies":[{"name":"wp","href":"https:\/\/api.w.org\/{rel}","templated":true}]}}