{"id":44766,"date":"2026-01-27T20:35:23","date_gmt":"2026-01-27T20:35:23","guid":{"rendered":"https:\/\/www.deporteseli.com\/?product=zapatillas-reebok-nano"},"modified":"2026-01-27T20:35:25","modified_gmt":"2026-01-27T20:35:25","slug":"zapatillas-reebok-nano","status":"publish","type":"product","link":"https:\/\/www.deporteseli.com\/?product=zapatillas-reebok-nano","title":{"rendered":"ZAPATILLAS REEBOK NANO"},"content":{"rendered":"<p>Zapatillas de deporte Nano para hombre  Zapatillas de cross training vers\u00e1tiles dise\u00f1adas para el movimiento    Correr, hacer pesas, clases de fitness: estas zapatillas de entrenamiento Reebok para hombre pueden con todo. Tienen el aspecto y la sensaci\u00f3n de una zapatilla para correr, pero est\u00e1n dise\u00f1adas con el ADN de una zapatilla de entrenamiento para brindarte la flexibilidad de ejercitarte como quieras, ya sea que prefieras la cinta de correr y las m\u00e1quinas de pesas o la el\u00edptica y las pesas libres. El collar de espuma de felpa de alto rendimiento les brinda un ajuste c\u00f3modo y con soporte, y una base de TPU ofrece soporte lateral para levantar pesas.                                                                                                                                                                                                                                                                                                                                                                                                                                                                                                                                                                                                                                                                                                                                                                                                                                                                                                                                                                                                                                        <\/p>\n","protected":false},"excerpt":{"rendered":"<p>ZAPATILLAS REEBOK NANO<\/p>\n","protected":false},"featured_media":57777,"template":"","meta":[],"product_brand":[],"product_cat":[259],"product_tag":[41],"class_list":{"0":"post-44766","1":"product","2":"type-product","3":"status-publish","4":"has-post-thumbnail","6":"product_cat-hombre_calzado_running","7":"product_tag-reebok","8":"pa_color-unico","9":"pa_talla-44-5","10":"thunk-woo-product-list","11":"opn-qv-enable","12":"open-woo-hover-","13":"open-single-product-tab-horizontal","14":"open-shadow-","15":"open-shadow-hover-","17":"first","18":"instock","19":"sale","20":"shipping-taxable","21":"purchasable","22":"product-type-variable"},"jetpack_sharing_enabled":true,"_links":{"self":[{"href":"https:\/\/www.deporteseli.com\/index.php?rest_route=\/wp\/v2\/product\/44766","targetHints":{"allow":["GET"]}}],"collection":[{"href":"https:\/\/www.deporteseli.com\/index.php?rest_route=\/wp\/v2\/product"}],"about":[{"href":"https:\/\/www.deporteseli.com\/index.php?rest_route=\/wp\/v2\/types\/product"}],"wp:featuredmedia":[{"embeddable":true,"href":"https:\/\/www.deporteseli.com\/index.php?rest_route=\/wp\/v2\/media\/57777"}],"wp:attachment":[{"href":"https:\/\/www.deporteseli.com\/index.php?rest_route=%2Fwp%2Fv2%2Fmedia&parent=44766"}],"wp:term":[{"taxonomy":"product_brand","embeddable":true,"href":"https:\/\/www.deporteseli.com\/index.php?rest_route=%2Fwp%2Fv2%2Fproduct_brand&post=44766"},{"taxonomy":"product_cat","embeddable":true,"href":"https:\/\/www.deporteseli.com\/index.php?rest_route=%2Fwp%2Fv2%2Fproduct_cat&post=44766"},{"taxonomy":"product_tag","embeddable":true,"href":"https:\/\/www.deporteseli.com\/index.php?rest_route=%2Fwp%2Fv2%2Fproduct_tag&post=44766"}],"curies":[{"name":"wp","href":"https:\/\/api.w.org\/{rel}","templated":true}]}}