{"id":44636,"date":"2026-01-27T20:32:37","date_gmt":"2026-01-27T20:32:37","guid":{"rendered":"https:\/\/www.deporteseli.com\/?product=camisa-puma-684708"},"modified":"2026-03-07T06:15:20","modified_gmt":"2026-03-07T06:15:20","slug":"camisa-puma-684708","status":"publish","type":"product","link":"https:\/\/www.deporteseli.com\/?product=camisa-puma-684708","title":{"rendered":"CAMISA PUMA 684708"},"content":{"rendered":"<p>Con un atrevido estampado de goma de dos tonos con el logotipo PUMA No. 1 Definitivamente ser\u00e1s el centro de atenci\u00f3n. Este modelo es la combinaci\u00f3n perfecta entre vistosidad y desenfado. Deja tu huella y crea un estilo brillante con PUMA.    Caracter\u00edsticas    Material: 75% algod\u00f3n, 25% algod\u00f3n reciclado.  Contenido de algod\u00f3n reciclado: al menos 20%  Corte est\u00e1ndar  Escote redondo  Mangas cortas  Estampado de goma con el logotipo de PUMA No. 1  Detalles de la marca PUMA                                                                                                                                                                                                                                                                                                                                                                                                                                                                                                                                                                                                                                                                                                                                                                                                                                                                                                                                                                                                                                        <\/p>\n","protected":false},"excerpt":{"rendered":"<p>CAMISA PUMA 684708<\/p>\n","protected":false},"featured_media":57690,"template":"","meta":[],"product_brand":[],"product_cat":[245],"product_tag":[32],"class_list":{"0":"post-44636","1":"product","2":"type-product","3":"status-publish","4":"has-post-thumbnail","6":"product_cat-hombre_textil_camisetas","7":"product_tag-puma","8":"pa_color-unico","9":"pa_talla-m","10":"pa_talla-s","11":"thunk-woo-product-list","12":"opn-qv-enable","13":"open-woo-hover-","14":"open-single-product-tab-horizontal","15":"open-shadow-","16":"open-shadow-hover-","18":"first","19":"instock","20":"shipping-taxable","21":"purchasable","22":"product-type-variable"},"jetpack_sharing_enabled":true,"_links":{"self":[{"href":"https:\/\/www.deporteseli.com\/index.php?rest_route=\/wp\/v2\/product\/44636","targetHints":{"allow":["GET"]}}],"collection":[{"href":"https:\/\/www.deporteseli.com\/index.php?rest_route=\/wp\/v2\/product"}],"about":[{"href":"https:\/\/www.deporteseli.com\/index.php?rest_route=\/wp\/v2\/types\/product"}],"wp:featuredmedia":[{"embeddable":true,"href":"https:\/\/www.deporteseli.com\/index.php?rest_route=\/wp\/v2\/media\/57690"}],"wp:attachment":[{"href":"https:\/\/www.deporteseli.com\/index.php?rest_route=%2Fwp%2Fv2%2Fmedia&parent=44636"}],"wp:term":[{"taxonomy":"product_brand","embeddable":true,"href":"https:\/\/www.deporteseli.com\/index.php?rest_route=%2Fwp%2Fv2%2Fproduct_brand&post=44636"},{"taxonomy":"product_cat","embeddable":true,"href":"https:\/\/www.deporteseli.com\/index.php?rest_route=%2Fwp%2Fv2%2Fproduct_cat&post=44636"},{"taxonomy":"product_tag","embeddable":true,"href":"https:\/\/www.deporteseli.com\/index.php?rest_route=%2Fwp%2Fv2%2Fproduct_tag&post=44636"}],"curies":[{"name":"wp","href":"https:\/\/api.w.org\/{rel}","templated":true}]}}