{"id":44588,"date":"2026-01-27T20:31:33","date_gmt":"2026-01-27T20:31:33","guid":{"rendered":"https:\/\/www.deporteseli.com\/?product=tenis-puma-311523"},"modified":"2026-01-27T20:31:36","modified_gmt":"2026-01-27T20:31:36","slug":"tenis-puma-311523","status":"publish","type":"product","link":"https:\/\/www.deporteseli.com\/?product=tenis-puma-311523","title":{"rendered":"TENIS PUMA 311523"},"content":{"rendered":"<p>La Puma FlexFocus Modern es el modelo nuevo m\u00e1s r\u00e1pido de la oferta PUMA. Este calzado est\u00e1 dise\u00f1ado para brindar comodidad liviana. La parte superior se destaca por una ejecuci\u00f3n de marca elevada y una divisi\u00f3n de material de primera calidad para transmitir nuestro lenguaje de dise\u00f1o progresivo.    Caracter\u00edsticas:    Entresuela: EVA  Suela: EVA con agarre en contacto con el suelo  Empeine: Malla con cord\u00f3n el\u00e1stico y cierre de velcro                                                                                                                                                                                                                                                                                                                                                                                                                                                                                                                                                                                                                                                                                                                                                                                                                                                                                                                                                                                                                                        <\/p>\n","protected":false},"excerpt":{"rendered":"<p>TENIS PUMA 311523<\/p>\n","protected":false},"featured_media":57652,"template":"","meta":[],"product_brand":[],"product_cat":[308],"product_tag":[32],"class_list":{"0":"post-44588","1":"product","2":"type-product","3":"status-publish","4":"has-post-thumbnail","6":"product_cat-nino_calzado_running","7":"product_tag-puma","8":"pa_color-unico","9":"pa_talla-113","10":"pa_talla-t-21","11":"thunk-woo-product-list","12":"opn-qv-enable","13":"open-woo-hover-","14":"open-single-product-tab-horizontal","15":"open-shadow-","16":"open-shadow-hover-","18":"first","19":"instock","20":"sale","21":"shipping-taxable","22":"purchasable","23":"product-type-variable"},"jetpack_sharing_enabled":true,"_links":{"self":[{"href":"https:\/\/www.deporteseli.com\/index.php?rest_route=\/wp\/v2\/product\/44588","targetHints":{"allow":["GET"]}}],"collection":[{"href":"https:\/\/www.deporteseli.com\/index.php?rest_route=\/wp\/v2\/product"}],"about":[{"href":"https:\/\/www.deporteseli.com\/index.php?rest_route=\/wp\/v2\/types\/product"}],"wp:featuredmedia":[{"embeddable":true,"href":"https:\/\/www.deporteseli.com\/index.php?rest_route=\/wp\/v2\/media\/57652"}],"wp:attachment":[{"href":"https:\/\/www.deporteseli.com\/index.php?rest_route=%2Fwp%2Fv2%2Fmedia&parent=44588"}],"wp:term":[{"taxonomy":"product_brand","embeddable":true,"href":"https:\/\/www.deporteseli.com\/index.php?rest_route=%2Fwp%2Fv2%2Fproduct_brand&post=44588"},{"taxonomy":"product_cat","embeddable":true,"href":"https:\/\/www.deporteseli.com\/index.php?rest_route=%2Fwp%2Fv2%2Fproduct_cat&post=44588"},{"taxonomy":"product_tag","embeddable":true,"href":"https:\/\/www.deporteseli.com\/index.php?rest_route=%2Fwp%2Fv2%2Fproduct_tag&post=44588"}],"curies":[{"name":"wp","href":"https:\/\/api.w.org\/{rel}","templated":true}]}}