{"id":44458,"date":"2026-01-27T20:28:37","date_gmt":"2026-01-27T20:28:37","guid":{"rendered":"https:\/\/www.deporteseli.com\/?product=hummel-lau86"},"modified":"2026-01-27T20:28:42","modified_gmt":"2026-01-27T20:28:42","slug":"hummel-lau86","status":"publish","type":"product","link":"https:\/\/www.deporteseli.com\/?product=hummel-lau86","title":{"rendered":"HUMMEL LAU86"},"content":{"rendered":"<p>La zapatilla HUMMEL LAU86 es una zapatilla casual para adulto. Dise\u00f1o inspirado en los modelos de archivo de la marca. Perfectas para combinar con la vida diaria, gracias a comodidad y versatilidad  CARACTER\u00cdSTICAS T\u00c9CNICAS:    Modelo exclusivo en tiendas Oteros y Zappas.  Color principal: blanco con detalles en negro.  Fabricaci\u00f3n en resistene piel sint\u00e9tica y ante.  Plantilla acolchada que ofrece un plus de comodidad.  Amplia suela perfecta para el d\u00eda a d\u00eda  Medidas de la plantilla: 24 cm para una talla 38 EUR.  TE RECORDAMOS QUE PARA CONSERVAR TU CALZADO: &#8211; No lo metas en la lavadora. &#8211; L\u00edmpialo con un trapo h\u00famedo y sin lej\u00edas o l\u00edquidos abrasivos. &#8211; No lo metas en la secadora.                                                                                                                                                                                                                                                                                                                                                                                                                                                                                                                                                                                                                                                                                                                                                                                                                                                                                                                                                                                                                                        <\/p>\n","protected":false},"excerpt":{"rendered":"<p>HUMMEL LAU86<\/p>\n","protected":false},"featured_media":57624,"template":"","meta":[],"product_brand":[],"product_cat":[261],"product_tag":[55],"class_list":{"0":"post-44458","1":"product","2":"type-product","3":"status-publish","4":"has-post-thumbnail","6":"product_cat-hombre_calzado_casual","7":"product_tag-hummel","8":"pa_color-unico","9":"pa_talla-155","10":"pa_talla-157","11":"pa_talla-159","12":"thunk-woo-product-list","13":"opn-qv-enable","14":"open-woo-hover-","15":"open-single-product-tab-horizontal","16":"open-shadow-","17":"open-shadow-hover-","19":"first","20":"instock","21":"sale","22":"shipping-taxable","23":"purchasable","24":"product-type-variable"},"jetpack_sharing_enabled":true,"_links":{"self":[{"href":"https:\/\/www.deporteseli.com\/index.php?rest_route=\/wp\/v2\/product\/44458","targetHints":{"allow":["GET"]}}],"collection":[{"href":"https:\/\/www.deporteseli.com\/index.php?rest_route=\/wp\/v2\/product"}],"about":[{"href":"https:\/\/www.deporteseli.com\/index.php?rest_route=\/wp\/v2\/types\/product"}],"wp:featuredmedia":[{"embeddable":true,"href":"https:\/\/www.deporteseli.com\/index.php?rest_route=\/wp\/v2\/media\/57624"}],"wp:attachment":[{"href":"https:\/\/www.deporteseli.com\/index.php?rest_route=%2Fwp%2Fv2%2Fmedia&parent=44458"}],"wp:term":[{"taxonomy":"product_brand","embeddable":true,"href":"https:\/\/www.deporteseli.com\/index.php?rest_route=%2Fwp%2Fv2%2Fproduct_brand&post=44458"},{"taxonomy":"product_cat","embeddable":true,"href":"https:\/\/www.deporteseli.com\/index.php?rest_route=%2Fwp%2Fv2%2Fproduct_cat&post=44458"},{"taxonomy":"product_tag","embeddable":true,"href":"https:\/\/www.deporteseli.com\/index.php?rest_route=%2Fwp%2Fv2%2Fproduct_tag&post=44458"}],"curies":[{"name":"wp","href":"https:\/\/api.w.org\/{rel}","templated":true}]}}