{"id":44450,"date":"2026-01-27T20:28:27","date_gmt":"2026-01-27T20:28:27","guid":{"rendered":"https:\/\/www.deporteseli.com\/?product=set-adidas-jc9744-25"},"modified":"2026-03-07T06:14:45","modified_gmt":"2026-03-07T06:14:45","slug":"set-adidas-jc9744-25","status":"publish","type":"product","link":"https:\/\/www.deporteseli.com\/?product=set-adidas-jc9744-25","title":{"rendered":"SET ADIDAS JC9744\/25"},"content":{"rendered":"<p>Descripci\u00f3n  Este conjunto de camiseta y pantal\u00f3n corto para beb\u00e9 es perfecto para los m\u00e1s peque\u00f1os que aman moverse. Su material suave y ligero les ofrece la m\u00e1xima comodidad cuando gatean o se retuercen en tus brazos. El logotipo cl\u00e1sico de adidas en la parte delantera a\u00f1ade un toque deportivo. Al elegir material reciclado, podemos reutilizar materiales que ya se han creado, lo que ayuda a reducir los residuos. Elegir materiales renovables nos ayudar\u00e1 a liberarnos de nuestra dependencia de recursos finitos. Nuestros productos fabricados con una mezcla de materiales reciclados y renovables contienen al menos un 70% de estos materiales.                                                                                                                                                                                                                                                                                                                                                                                                                                                                                                                                                                                                                                                                                                                                                                                                                                                                                                                                                                                                                                        <\/p>\n","protected":false},"excerpt":{"rendered":"<p>SET ADIDAS JC9744\/25<\/p>\n","protected":false},"featured_media":57618,"template":"","meta":[],"product_brand":[],"product_cat":[379],"product_tag":[18],"class_list":{"0":"post-44450","1":"product","2":"type-product","3":"status-publish","4":"has-post-thumbnail","6":"product_cat-ninas_textil_conjuntos","7":"product_tag-adidas","8":"pa_color-unico","9":"pa_talla-18-meses","10":"pa_talla-168","11":"thunk-woo-product-list","12":"opn-qv-enable","13":"open-woo-hover-","14":"open-single-product-tab-horizontal","15":"open-shadow-","16":"open-shadow-hover-","18":"first","19":"instock","20":"shipping-taxable","21":"purchasable","22":"product-type-variable"},"jetpack_sharing_enabled":true,"_links":{"self":[{"href":"https:\/\/www.deporteseli.com\/index.php?rest_route=\/wp\/v2\/product\/44450","targetHints":{"allow":["GET"]}}],"collection":[{"href":"https:\/\/www.deporteseli.com\/index.php?rest_route=\/wp\/v2\/product"}],"about":[{"href":"https:\/\/www.deporteseli.com\/index.php?rest_route=\/wp\/v2\/types\/product"}],"wp:featuredmedia":[{"embeddable":true,"href":"https:\/\/www.deporteseli.com\/index.php?rest_route=\/wp\/v2\/media\/57618"}],"wp:attachment":[{"href":"https:\/\/www.deporteseli.com\/index.php?rest_route=%2Fwp%2Fv2%2Fmedia&parent=44450"}],"wp:term":[{"taxonomy":"product_brand","embeddable":true,"href":"https:\/\/www.deporteseli.com\/index.php?rest_route=%2Fwp%2Fv2%2Fproduct_brand&post=44450"},{"taxonomy":"product_cat","embeddable":true,"href":"https:\/\/www.deporteseli.com\/index.php?rest_route=%2Fwp%2Fv2%2Fproduct_cat&post=44450"},{"taxonomy":"product_tag","embeddable":true,"href":"https:\/\/www.deporteseli.com\/index.php?rest_route=%2Fwp%2Fv2%2Fproduct_tag&post=44450"}],"curies":[{"name":"wp","href":"https:\/\/api.w.org\/{rel}","templated":true}]}}